CRAN Package Check Results for Package reactR

Last updated on 2021-05-06 23:49:43 CEST.

Flavor Version Tinstall Tcheck Ttotal Status Flags
r-devel-linux-x86_64-debian-clang 0.4.4 2.53 32.34 34.87 NOTE
r-devel-linux-x86_64-debian-gcc 0.4.4 1.84 25.28 27.12 NOTE
r-devel-linux-x86_64-fedora-clang 0.4.4 50.89 NOTE
r-devel-linux-x86_64-fedora-gcc 0.4.4 42.72 NOTE
r-devel-windows-ix86+x86_64 0.4.4 10.00 47.00 57.00 NOTE
r-devel-windows-x86_64-gcc10-UCRT 0.4.4 NOTE
r-patched-linux-x86_64 0.4.4 2.53 31.13 33.66 NOTE
r-patched-solaris-x86 0.4.4 61.90 OK
r-release-linux-x86_64 0.4.4 2.21 30.78 32.99 OK
r-release-macos-x86_64 0.4.4 OK
r-release-windows-ix86+x86_64 0.4.4 5.00 36.00 41.00 OK
r-oldrel-macos-x86_64 0.4.4 OK
r-oldrel-windows-ix86+x86_64 0.4.4 5.00 47.00 52.00 OK

Check Details

Version: 0.4.4
Check: LazyData
Result: NOTE
     'LazyData' is specified without a 'data' directory
Flavors: r-devel-linux-x86_64-debian-clang, r-devel-linux-x86_64-debian-gcc, r-devel-linux-x86_64-fedora-clang, r-devel-linux-x86_64-fedora-gcc, r-devel-windows-ix86+x86_64, r-devel-windows-x86_64-gcc10-UCRT, r-patched-linux-x86_64