CRAN Package Check Results for Package reactR

Last updated on 2021-10-26 23:51:15 CEST.

Flavor Version Tinstall Tcheck Ttotal Status Flags
r-devel-linux-x86_64-debian-clang 0.4.4 2.74 29.42 32.16 NOTE
r-devel-linux-x86_64-debian-gcc 0.4.4 1.90 23.92 25.82 NOTE
r-devel-linux-x86_64-fedora-clang 0.4.4 50.55 NOTE
r-devel-linux-x86_64-fedora-gcc 0.4.4 41.69 NOTE
r-devel-windows-x86_64 0.4.4 4.00 56.00 60.00 NOTE
r-devel-windows-x86_64-gcc10-UCRT 0.4.4 NOTE
r-patched-linux-x86_64 0.4.4 2.36 30.06 32.42 NOTE
r-patched-solaris-x86 0.4.4 64.70 NOTE
r-release-linux-x86_64 0.4.4 2.31 29.89 32.20 NOTE
r-release-macos-arm64 0.4.4 NOTE
r-release-macos-x86_64 0.4.4 NOTE
r-release-windows-ix86+x86_64 0.4.4 5.00 45.00 50.00 NOTE
r-oldrel-macos-x86_64 0.4.4 OK
r-oldrel-windows-ix86+x86_64 0.4.4 6.00 54.00 60.00 OK

Check Details

Version: 0.4.4
Check: LazyData
Result: NOTE
     'LazyData' is specified without a 'data' directory
Flavors: r-devel-linux-x86_64-debian-clang, r-devel-linux-x86_64-debian-gcc, r-devel-linux-x86_64-fedora-clang, r-devel-linux-x86_64-fedora-gcc, r-devel-windows-x86_64, r-devel-windows-x86_64-gcc10-UCRT, r-patched-linux-x86_64, r-patched-solaris-x86, r-release-linux-x86_64, r-release-macos-arm64, r-release-macos-x86_64, r-release-windows-ix86+x86_64