CRAN Package Check Results for Package rdtLite

Last updated on 2021-10-19 23:53:07 CEST.

Flavor Version Tinstall Tcheck Ttotal Status Flags
r-devel-linux-x86_64-debian-clang 1.3 6.76 56.33 63.09 OK
r-devel-linux-x86_64-debian-gcc 1.3 5.30 43.41 48.71 OK
r-devel-linux-x86_64-fedora-clang 1.3 86.80 NOTE
r-devel-linux-x86_64-fedora-gcc 1.3 76.12 NOTE
r-devel-windows-x86_64 1.3 11.00 79.00 90.00 OK
r-devel-windows-x86_64-gcc10-UCRT 1.3 NOTE
r-patched-linux-x86_64 1.3 6.76 45.84 52.60 OK
r-patched-solaris-x86 1.3 90.50 NOTE
r-release-linux-x86_64 1.3 5.94 45.67 51.61 OK
r-release-macos-arm64 1.3 NOTE
r-release-macos-x86_64 1.3 NOTE
r-release-windows-ix86+x86_64 1.3 12.00 64.00 76.00 OK
r-oldrel-macos-x86_64 1.3 NOTE
r-oldrel-windows-ix86+x86_64 1.3 13.00 68.00 81.00 OK

Check Details

Version: 1.3
Check: dependencies in R code
Result: NOTE
    Namespace in Imports field not imported from: ‘gtools’
     All declared Imports should be used.
Flavors: r-devel-linux-x86_64-fedora-clang, r-devel-linux-x86_64-fedora-gcc, r-devel-windows-x86_64-gcc10-UCRT, r-patched-solaris-x86, r-release-macos-arm64, r-release-macos-x86_64, r-oldrel-macos-x86_64