CRAN Package Check Results for Package rdiversity

Last updated on 2021-05-06 23:49:43 CEST.

Flavor Version Tinstall Tcheck Ttotal Status Flags
r-devel-linux-x86_64-debian-clang 2.0 6.84 47.65 54.49 NOTE
r-devel-linux-x86_64-debian-gcc 2.0 5.32 36.32 41.64 NOTE
r-devel-linux-x86_64-fedora-clang 2.0 74.11 NOTE
r-devel-linux-x86_64-fedora-gcc 2.0 62.76 NOTE
r-devel-windows-ix86+x86_64 2.0 11.00 68.00 79.00 NOTE
r-devel-windows-x86_64-gcc10-UCRT 2.0 NOTE
r-patched-linux-x86_64 2.0 6.36 46.05 52.41 NOTE
r-patched-solaris-x86 2.0 94.30 OK
r-release-linux-x86_64 2.0 5.52 45.02 50.54 OK
r-release-macos-x86_64 2.0 NOTE
r-release-windows-ix86+x86_64 2.0 12.00 54.00 66.00 OK
r-oldrel-macos-x86_64 2.0 OK
r-oldrel-windows-ix86+x86_64 2.0 10.00 64.00 74.00 OK

Check Details

Version: 2.0
Check: LazyData
Result: NOTE
     'LazyData' is specified without a 'data' directory
Flavors: r-devel-linux-x86_64-debian-clang, r-devel-linux-x86_64-debian-gcc, r-devel-linux-x86_64-fedora-clang, r-devel-linux-x86_64-fedora-gcc, r-devel-windows-ix86+x86_64, r-devel-windows-x86_64-gcc10-UCRT, r-patched-linux-x86_64

Version: 2.0
Check: package dependencies
Result: NOTE
    Package suggested but not available for checking: ‘vcfR’
Flavor: r-release-macos-x86_64