CRAN Package Check Results for Package rddtools

Last updated on 2021-09-22 23:50:14 CEST.

Flavor Version Tinstall Tcheck Ttotal Status Flags
r-devel-linux-x86_64-debian-clang 1.5.0 16.31 156.05 172.36 OK
r-devel-linux-x86_64-debian-gcc 1.5.0 12.87 116.03 128.90 OK
r-devel-linux-x86_64-fedora-clang 1.5.0 211.07 NOTE
r-devel-linux-x86_64-fedora-gcc 1.5.0 200.74 NOTE
r-devel-windows-x86_64 1.5.0 18.00 143.00 161.00 OK
r-devel-windows-x86_64-gcc10-UCRT 1.5.0 ERROR
r-patched-linux-x86_64 1.5.0 20.81 151.40 172.21 OK
r-patched-solaris-x86 1.5.0 274.40 NOTE
r-release-linux-x86_64 1.5.0 14.03 151.11 165.14 OK
r-release-macos-arm64 1.5.0 NOTE
r-release-macos-x86_64 1.5.0 NOTE
r-release-windows-ix86+x86_64 1.5.0 37.00 152.00 189.00 OK
r-oldrel-macos-x86_64 1.5.0 NOTE
r-oldrel-windows-ix86+x86_64 1.5.0 28.00 146.00 174.00 OK

Check Details

Version: 1.5.0
Check: dependencies in R code
Result: NOTE
    Namespace in Imports field not imported from: ‘rmarkdown’
     All declared Imports should be used.
Flavors: r-devel-linux-x86_64-fedora-clang, r-devel-linux-x86_64-fedora-gcc, r-devel-windows-x86_64-gcc10-UCRT, r-patched-solaris-x86, r-release-macos-arm64, r-release-macos-x86_64, r-oldrel-macos-x86_64

Version: 1.5.0
Check: PDF version of manual
Result: WARN
    LaTeX errors when creating PDF version.
    This typically indicates Rd problems.
Flavor: r-devel-windows-x86_64-gcc10-UCRT

Version: 1.5.0
Check: PDF version of manual without hyperrefs or index
Result: ERROR
    Re-running with no redirection of stdout/stderr.
Flavor: r-devel-windows-x86_64-gcc10-UCRT