CRAN Package Check Results for Package rdddr

Last updated on 2022-12-09 23:52:17 CET.

Flavor Version Tinstall Tcheck Ttotal Status Flags
r-devel-linux-x86_64-debian-clang 1.0.0 9.65 158.65 168.30 OK
r-devel-linux-x86_64-debian-gcc 1.0.0 7.21 119.03 126.24 OK
r-devel-linux-x86_64-fedora-clang 1.0.0 221.42 NOTE
r-devel-linux-x86_64-fedora-gcc 1.0.0 193.20 NOTE
r-devel-windows-x86_64 1.0.0 21.00 185.00 206.00 OK
r-patched-linux-x86_64 1.0.0 6.51 144.80 151.31 OK
r-release-linux-x86_64 1.0.0 5.71 149.98 155.69 OK
r-release-macos-arm64 1.0.0 61.00 NOTE
r-release-macos-x86_64 1.0.0 86.00 NOTE
r-release-windows-x86_64 1.0.0 27.00 196.00 223.00 OK
r-oldrel-macos-arm64 1.0.0 60.00 NOTE
r-oldrel-macos-x86_64 1.0.0 83.00 NOTE
r-oldrel-windows-ix86+x86_64 1.0.0 32.00 180.00 212.00 WARN

Check Details

Version: 1.0.0
Check: dependencies in R code
Result: NOTE
    Namespaces in Imports field not imported from:
     ‘DeclareDesign’ ‘fabricatr’
     All declared Imports should be used.
Flavors: r-devel-linux-x86_64-fedora-clang, r-devel-linux-x86_64-fedora-gcc, r-release-macos-arm64, r-release-macos-x86_64, r-oldrel-macos-arm64, r-oldrel-macos-x86_64

Version: 1.0.0
Check: for unstated dependencies in ‘tests’
Result: WARN
    Warning: unable to access index for repository https://bioconductor.org/packages/3.14/bioc/src/contrib:
     cannot open URL 'https://bioconductor.org/packages/3.14/bioc/src/contrib/PACKAGES'
    Warning: unable to access index for repository https://bioconductor.org/packages/3.14/data/annotation/src/contrib:
     cannot open URL 'https://bioconductor.org/packages/3.14/data/annotation/src/contrib/PACKAGES'
    Warning: unable to access index for repository https://bioconductor.org/packages/3.14/data/experiment/src/contrib:
     cannot open URL 'https://bioconductor.org/packages/3.14/data/experiment/src/contrib/PACKAGES'
Flavor: r-oldrel-windows-ix86+x86_64