CRAN Package Check Results for Package rcrossref

Last updated on 2021-10-15 23:50:40 CEST.

Flavor Version Tinstall Tcheck Ttotal Status Flags
r-devel-linux-x86_64-debian-clang 1.1.0 9.12 235.41 244.53 OK
r-devel-linux-x86_64-debian-gcc 1.1.0 8.47 173.93 182.40 OK
r-devel-linux-x86_64-fedora-clang 1.1.0 299.19 NOTE
r-devel-linux-x86_64-fedora-gcc 1.1.0 290.74 OK
r-devel-windows-x86_64 1.1.0 14.00 219.00 233.00 OK
r-devel-windows-x86_64-gcc10-UCRT 1.1.0 OK
r-patched-linux-x86_64 1.1.0 10.72 231.28 242.00 OK
r-patched-solaris-x86 1.1.0 372.10 OK
r-release-linux-x86_64 1.1.0 8.97 233.78 242.75 OK
r-release-macos-arm64 1.1.0 OK
r-release-macos-x86_64 1.1.0 OK
r-release-windows-ix86+x86_64 1.1.0 20.00 287.00 307.00 OK
r-oldrel-macos-x86_64 1.1.0 OK
r-oldrel-windows-ix86+x86_64 1.1.0 21.00 291.00 312.00 OK

Check Details

Version: 1.1.0
Check: package dependencies
Result: NOTE
    Suggests orphaned package: ‘bibtex’
Flavor: r-devel-linux-x86_64-fedora-clang