CRAN Package Check Results for Package rcrimeanalysis

Last updated on 2021-09-23 23:50:17 CEST.

Flavor Version Tinstall Tcheck Ttotal Status Flags
r-devel-linux-x86_64-debian-clang 0.4.2 16.11 173.03 189.14 OK
r-devel-linux-x86_64-debian-gcc 0.4.2 12.90 130.80 143.70 OK
r-devel-linux-x86_64-fedora-clang 0.4.2 232.52 NOTE
r-devel-linux-x86_64-fedora-gcc 0.4.2 220.52 NOTE
r-devel-windows-x86_64 0.4.2 19.00 159.00 178.00 OK
r-devel-windows-x86_64-gcc10-UCRT 0.4.2 NOTE
r-patched-linux-x86_64 0.4.2 15.19 161.62 176.81 OK
r-patched-solaris-x86 0.4.2 320.90 NOTE
r-release-linux-x86_64 0.4.2 15.65 160.81 176.46 OK
r-release-macos-arm64 0.4.2 NOTE
r-release-macos-x86_64 0.4.2 NOTE
r-release-windows-ix86+x86_64 0.4.2 38.00 157.00 195.00 OK
r-oldrel-macos-x86_64 0.4.2 NOTE
r-oldrel-windows-ix86+x86_64 0.4.2 28.00 157.00 185.00 OK

Check Details

Version: 0.4.2
Check: dependencies in R code
Result: NOTE
    Namespaces in Imports field not imported from:
     ‘Rcpp’ ‘dplyr’
     All declared Imports should be used.
Flavors: r-devel-linux-x86_64-fedora-clang, r-devel-linux-x86_64-fedora-gcc, r-devel-windows-x86_64-gcc10-UCRT, r-patched-solaris-x86, r-release-macos-arm64, r-release-macos-x86_64, r-oldrel-macos-x86_64