CRAN Package Check Results for Package rcorpora

Last updated on 2022-01-21 23:48:57 CET.

Flavor Version Tinstall Tcheck Ttotal Status Flags
r-devel-linux-x86_64-debian-clang 2.0.0 4.77 32.64 37.41 OK
r-devel-linux-x86_64-debian-gcc 2.0.0 3.59 25.64 29.23 OK
r-devel-linux-x86_64-fedora-clang 2.0.0 46.37 NOTE
r-devel-linux-x86_64-fedora-gcc 2.0.0 35.32 OK
r-devel-windows-x86_64-new-UL 2.0.0 896.00 57.00 953.00 NOTE
r-devel-windows-x86_64-new-TK 2.0.0 OK
r-patched-linux-x86_64 2.0.0 4.09 31.52 35.61 OK
r-release-linux-x86_64 2.0.0 3.49 31.50 34.99 OK
r-release-macos-arm64 2.0.0 NOTE
r-release-macos-x86_64 2.0.0 NOTE
r-release-windows-ix86+x86_64 2.0.0 11.00 38.00 49.00 NOTE
r-oldrel-macos-x86_64 2.0.0 NOTE
r-oldrel-windows-ix86+x86_64 2.0.0 9.00 41.00 50.00 NOTE

Check Details

Version: 2.0.0
Check: installed package size
Result: NOTE
     installed size is 7.8Mb
     sub-directories of 1Mb or more:
     corpora 7.6Mb
Flavors: r-devel-linux-x86_64-fedora-clang, r-devel-windows-x86_64-new-UL, r-release-macos-arm64, r-release-macos-x86_64, r-release-windows-ix86+x86_64, r-oldrel-macos-x86_64, r-oldrel-windows-ix86+x86_64