CRAN Package Check Results for Package rbitcoinchartsapi

Last updated on 2021-12-04 23:50:42 CET.

Flavor Version Tinstall Tcheck Ttotal Status Flags
r-devel-linux-x86_64-debian-clang 1.0.4 2.51 34.97 37.48 NOTE
r-devel-linux-x86_64-debian-gcc 1.0.4 1.85 28.31 30.16 NOTE
r-devel-linux-x86_64-fedora-clang 1.0.4 46.78 NOTE
r-devel-linux-x86_64-fedora-gcc 1.0.4 35.99 NOTE
r-devel-windows-x86_64-new-UL 1.0.4 5.00 60.00 65.00 NOTE
r-devel-windows-x86_64-new-TK 1.0.4 NOTE
r-devel-windows-x86_64-old 1.0.4 4.00 36.00 40.00 NOTE
r-patched-linux-x86_64 1.0.4 2.57 26.01 28.58 NOTE
r-release-linux-x86_64 1.0.4 2.36 26.02 28.38 NOTE
r-release-macos-arm64 1.0.4 NOTE
r-release-macos-x86_64 1.0.4 NOTE
r-release-windows-ix86+x86_64 1.0.4 6.00 35.00 41.00 NOTE
r-oldrel-macos-x86_64 1.0.4 NOTE
r-oldrel-windows-ix86+x86_64 1.0.4 29.00 34.00 63.00 NOTE

Check Details

Version: 1.0.4
Check: R code for possible problems
Result: NOTE
    GetHistoricTradeData: no visible global function definition for
     'read.csv'
    Undefined global functions or variables:
     read.csv
    Consider adding
     importFrom("utils", "read.csv")
    to your NAMESPACE file.
Flavors: r-devel-linux-x86_64-debian-clang, r-devel-linux-x86_64-debian-gcc, r-devel-linux-x86_64-fedora-clang, r-devel-linux-x86_64-fedora-gcc, r-devel-windows-x86_64-new-UL, r-devel-windows-x86_64-new-TK, r-devel-windows-x86_64-old, r-patched-linux-x86_64, r-release-linux-x86_64, r-release-macos-arm64, r-release-macos-x86_64, r-release-windows-ix86+x86_64, r-oldrel-macos-x86_64, r-oldrel-windows-ix86+x86_64