CRAN Package Check Results for Package rbi

Last updated on 2021-08-03 23:52:23 CEST.

Flavor Version Tinstall Tcheck Ttotal Status Flags
r-devel-linux-x86_64-debian-clang 0.10.3 7.33 49.00 56.33 OK --no-examples --no-tests --no-vignettes
r-devel-linux-x86_64-debian-gcc 0.10.3 4.80 36.81 41.61 OK --no-examples --no-tests --no-vignettes
r-devel-linux-x86_64-fedora-clang 0.10.3 129.29 NOTE
r-devel-linux-x86_64-fedora-gcc 0.10.3 78.30 NOTE
r-devel-windows-x86_64 0.10.3 9.00 101.00 110.00 OK
r-devel-windows-x86_64-gcc10-UCRT 0.10.3 OK --no-tests
r-patched-linux-x86_64 0.10.3 7.03 45.29 52.32 OK --no-examples --no-tests --no-vignettes
r-patched-solaris-x86 0.10.3 170.40 NOTE
r-release-linux-x86_64 0.10.3 7.54 45.71 53.25 OK --no-examples --no-tests --no-vignettes
r-release-macos-arm64 0.10.3 OK
r-release-macos-x86_64 0.10.3 OK
r-release-windows-ix86+x86_64 0.10.3 14.00 94.00 108.00 OK
r-oldrel-macos-x86_64 0.10.3 OK
r-oldrel-windows-ix86+x86_64 0.10.3 11.00 90.00 101.00 OK

Check Details

Version: 0.10.3
Check: for non-standard things in the check directory
Result: NOTE
    Found the following files/directories:
     ‘PZ.bi’ ‘mu_sigma.nc’
Flavors: r-devel-linux-x86_64-fedora-clang, r-devel-linux-x86_64-fedora-gcc, r-patched-solaris-x86