Last updated on 2023-06-07 01:03:34 CEST.
Flavor | Version | Tinstall | Tcheck | Ttotal | Status | Flags |
---|---|---|---|---|---|---|
r-devel-linux-x86_64-debian-clang | 0.3.0 | 76.17 | 72.70 | 148.87 | OK | |
r-devel-linux-x86_64-debian-gcc | 0.3.0 | 65.02 | 55.77 | 120.79 | OK | |
r-devel-linux-x86_64-fedora-clang | 0.3.0 | 247.98 | NOTE | |||
r-devel-linux-x86_64-fedora-gcc | 0.3.0 | 215.49 | NOTE | |||
r-devel-windows-x86_64 | 0.3.0 | 82.00 | 100.00 | 182.00 | OK | |
r-patched-linux-x86_64 | 0.3.0 | 63.33 | 69.09 | 132.42 | OK | |
r-release-linux-x86_64 | 0.3.0 | 51.16 | 69.27 | 120.43 | OK | |
r-release-macos-arm64 | 0.3.0 | 66.00 | NOTE | |||
r-release-macos-x86_64 | 0.3.0 | 106.00 | NOTE | |||
r-release-windows-x86_64 | 0.3.0 | 97.00 | 112.00 | 209.00 | OK | |
r-oldrel-macos-arm64 | 0.3.0 | 45.00 | NOTE | |||
r-oldrel-macos-x86_64 | 0.3.0 | 79.00 | NOTE | |||
r-oldrel-windows-x86_64 | 0.3.0 | 78.00 | 106.00 | 184.00 | OK |
Version: 0.3.0
Check: for GNU extensions in Makefiles
Result: NOTE
GNU make is a SystemRequirements.
Flavors: r-devel-linux-x86_64-fedora-clang, r-devel-linux-x86_64-fedora-gcc, r-release-macos-arm64, r-release-macos-x86_64, r-oldrel-macos-arm64, r-oldrel-macos-x86_64
Version: 0.3.0
Check: installed package size
Result: NOTE
installed size is 5.6Mb
sub-directories of 1Mb or more:
extdata 1.1Mb
libs 4.0Mb
Flavors: r-release-macos-arm64, r-release-macos-x86_64, r-oldrel-macos-arm64, r-oldrel-macos-x86_64