Last updated on 2023-01-28 23:51:48 CET.
Flavor | Version | Tinstall | Tcheck | Ttotal | Status | Flags |
---|---|---|---|---|---|---|
r-devel-linux-x86_64-debian-clang | 0.0.9 | 121.72 | 133.01 | 254.73 | OK | |
r-devel-linux-x86_64-debian-gcc | 0.0.9 | 89.60 | 88.75 | 178.35 | NOTE | |
r-devel-linux-x86_64-fedora-clang | 0.0.9 | 351.65 | NOTE | |||
r-devel-linux-x86_64-fedora-gcc | 0.0.9 | 315.87 | NOTE | |||
r-patched-linux-x86_64 | 0.0.9 | 91.06 | 123.24 | 214.30 | OK | |
r-release-linux-x86_64 | 0.0.9 | 93.95 | 125.23 | 219.18 | OK | |
r-release-macos-arm64 | 0.0.9 | 62.00 | OK | |||
r-release-macos-x86_64 | 0.0.9 | 137.00 | OK | |||
r-release-windows-x86_64 | 0.0.9 | 120.00 | 191.00 | 311.00 | OK | |
r-oldrel-macos-arm64 | 0.0.9 | 58.00 | OK | |||
r-oldrel-macos-x86_64 | 0.0.9 | 99.00 | OK | |||
r-oldrel-windows-ix86+x86_64 | 0.0.9 | 278.00 | 262.00 | 540.00 | OK |
Version: 0.0.9
Check: C++ specification
Result: NOTE
Specified C++11: please update to current default of C++17
Flavors: r-devel-linux-x86_64-debian-gcc, r-devel-linux-x86_64-fedora-clang, r-devel-linux-x86_64-fedora-gcc