CRAN Package Check Results for Package ratios

Last updated on 2023-05-30 00:59:54 CEST.

Flavor Version Tinstall Tcheck Ttotal Status Flags
r-devel-linux-x86_64-debian-clang 1.2.0 5.35 40.99 46.34 NOTE
r-devel-linux-x86_64-debian-gcc 1.2.0 4.31 30.97 35.28 NOTE
r-devel-linux-x86_64-fedora-clang 1.2.0 58.21 NOTE
r-devel-linux-x86_64-fedora-gcc 1.2.0 52.56 NOTE
r-devel-windows-x86_64 1.2.0 6.00 50.00 56.00 NOTE
r-patched-linux-x86_64 1.2.0 5.95 38.08 44.03 NOTE
r-release-linux-x86_64 1.2.0 5.57 39.12 44.69 NOTE
r-release-macos-arm64 1.2.0 21.00 NOTE
r-release-macos-x86_64 1.2.0 28.00 NOTE
r-release-windows-x86_64 1.2.0 6.00 53.00 59.00 NOTE
r-oldrel-macos-arm64 1.2.0 18.00 NOTE
r-oldrel-macos-x86_64 1.2.0 26.00 NOTE
r-oldrel-windows-x86_64 1.2.0 8.00 56.00 64.00 NOTE

Check Details

Version: 1.2.0
Check: LazyData
Result: NOTE
     'LazyData' is specified without a 'data' directory
Flavors: r-devel-linux-x86_64-debian-clang, r-devel-linux-x86_64-debian-gcc, r-devel-linux-x86_64-fedora-clang, r-devel-linux-x86_64-fedora-gcc, r-devel-windows-x86_64, r-patched-linux-x86_64, r-release-linux-x86_64, r-release-macos-arm64, r-release-macos-x86_64, r-release-windows-x86_64, r-oldrel-macos-arm64, r-oldrel-macos-x86_64, r-oldrel-windows-x86_64