CRAN Package Check Results for Package rationalfun

Last updated on 2021-12-01 23:51:47 CET.

Flavor Version Tinstall Tcheck Ttotal Status Flags
r-devel-linux-x86_64-debian-clang 0.1-0 2.31 22.88 25.19 NOTE
r-devel-linux-x86_64-debian-gcc 0.1-0 1.75 18.13 19.88 NOTE
r-devel-linux-x86_64-fedora-clang 0.1-0 41.93 NOTE
r-devel-linux-x86_64-fedora-gcc 0.1-0 31.15 NOTE
r-devel-windows-x86_64-new-UL 0.1-0 6.00 56.00 62.00 NOTE
r-devel-windows-x86_64-new-TK 0.1-0 NOTE
r-devel-windows-x86_64-old 0.1-0 4.00 31.00 35.00 NOTE
r-patched-linux-x86_64 0.1-0 2.23 21.78 24.01 NOTE
r-patched-solaris-x86 0.1-0 46.80 NOTE
r-release-linux-x86_64 0.1-0 2.37 21.57 23.94 NOTE
r-release-macos-arm64 0.1-0 NOTE
r-release-macos-x86_64 0.1-0 NOTE
r-release-windows-ix86+x86_64 0.1-0 5.00 40.00 45.00 NOTE
r-oldrel-macos-x86_64 0.1-0 NOTE
r-oldrel-windows-ix86+x86_64 0.1-0 5.00 39.00 44.00 NOTE

Check Details

Version: 0.1-0
Check: R code for possible problems
Result: NOTE
    .GCD: no visible global function definition for 'as.polynomial'
    .LCM: no visible global function definition for 'as.polynomial'
    .is_zero_polynomial: no visible global function definition for 'coef'
    .poly2expr: no visible global function definition for 'coef'
    integral.rationalfun: no visible global function definition for 'coef'
    integraterf.transcendent: no visible global function definition for
     'coef'
    rationalfun: no visible global function definition for 'polynomial'
    rationalfun.poly: no visible global function definition for
     'polynomial'
    rationalfun.poly: no visible global function definition for
     'is.polynomial'
    rfun: no visible global function definition for 'polynomial'
    rfun.poly: no visible global function definition for 'polynomial'
    rfun.poly: no visible global function definition for 'is.polynomial'
    simplify: no visible global function definition for 'coef'
    simplify: no visible global function definition for 'polynomial'
    Undefined global functions or variables:
     as.polynomial coef is.polynomial polynomial
    Consider adding
     importFrom("stats", "coef")
    to your NAMESPACE file.
Flavors: r-devel-linux-x86_64-debian-clang, r-devel-linux-x86_64-debian-gcc, r-devel-linux-x86_64-fedora-clang, r-devel-linux-x86_64-fedora-gcc, r-devel-windows-x86_64-new-UL, r-devel-windows-x86_64-new-TK, r-devel-windows-x86_64-old, r-patched-linux-x86_64, r-patched-solaris-x86, r-release-linux-x86_64, r-release-macos-arm64, r-release-macos-x86_64, r-release-windows-ix86+x86_64, r-oldrel-macos-x86_64, r-oldrel-windows-ix86+x86_64