CRAN Package Check Results for Package rasterpdf

Last updated on 2021-12-07 23:54:40 CET.

Flavor Version Tinstall Tcheck Ttotal Status Flags
r-devel-linux-x86_64-debian-clang 0.1.1 1.99 30.64 32.63 NOTE
r-devel-linux-x86_64-debian-gcc 0.1.1 1.44 24.22 25.66 NOTE
r-devel-linux-x86_64-fedora-clang 0.1.1 42.09 NOTE
r-devel-linux-x86_64-fedora-gcc 0.1.1 30.99 NOTE
r-devel-windows-x86_64-new-UL 0.1.1 6.00 57.00 63.00 NOTE
r-devel-windows-x86_64-new-TK 0.1.1 NOTE
r-devel-windows-x86_64-old 0.1.1 4.00 31.00 35.00 NOTE
r-patched-linux-x86_64 0.1.1 2.08 29.96 32.04 NOTE
r-release-linux-x86_64 0.1.1 1.72 29.85 31.57 NOTE
r-release-macos-arm64 0.1.1 NOTE
r-release-macos-x86_64 0.1.1 NOTE
r-release-windows-ix86+x86_64 0.1.1 4.00 38.00 42.00 NOTE
r-oldrel-macos-x86_64 0.1.1 OK
r-oldrel-windows-ix86+x86_64 0.1.1 5.00 40.00 45.00 OK

Check Details

Version: 0.1.1
Check: LazyData
Result: NOTE
     'LazyData' is specified without a 'data' directory
Flavors: r-devel-linux-x86_64-debian-clang, r-devel-linux-x86_64-debian-gcc, r-devel-linux-x86_64-fedora-clang, r-devel-linux-x86_64-fedora-gcc, r-devel-windows-x86_64-new-UL, r-devel-windows-x86_64-new-TK, r-devel-windows-x86_64-old, r-patched-linux-x86_64, r-release-linux-x86_64, r-release-macos-arm64, r-release-macos-x86_64, r-release-windows-ix86+x86_64