CRAN Package Check Results for Package rapsimng

Last updated on 2022-01-16 23:51:43 CET.

Flavor Version Tinstall Tcheck Ttotal Status Flags
r-devel-linux-x86_64-debian-clang 0.3.0 3.16 51.50 54.66 OK
r-devel-linux-x86_64-debian-gcc 0.3.0 3.31 39.72 43.03 OK
r-devel-linux-x86_64-fedora-clang 0.3.0 69.64 NOTE
r-devel-linux-x86_64-fedora-gcc 0.3.0 55.22 NOTE
r-devel-windows-x86_64-new-UL 0.3.0 41.00 78.00 119.00 OK
r-devel-windows-x86_64-new-TK 0.3.0 NOTE
r-patched-linux-x86_64 0.3.0 4.12 50.70 54.82 OK
r-release-linux-x86_64 0.3.0 OK
r-release-macos-arm64 0.3.0 NOTE
r-release-macos-x86_64 0.3.0 NOTE
r-release-windows-ix86+x86_64 0.3.0 9.00 64.00 73.00 OK
r-oldrel-macos-x86_64 0.3.0 NOTE
r-oldrel-windows-ix86+x86_64 0.3.0 8.00 68.00 76.00 OK

Check Details

Version: 0.3.0
Check: dependencies in R code
Result: NOTE
    Namespaces in Imports field not imported from:
     ‘dplyr’ ‘tidyr’
     All declared Imports should be used.
Flavors: r-devel-linux-x86_64-fedora-clang, r-devel-linux-x86_64-fedora-gcc, r-devel-windows-x86_64-new-TK, r-release-macos-arm64, r-release-macos-x86_64, r-oldrel-macos-x86_64