CRAN Package Check Results for Package rappsflyer

Last updated on 2022-05-15 23:51:38 CEST.

Flavor Version Tinstall Tcheck Ttotal Status Flags
r-devel-linux-x86_64-debian-clang 0.2.0 5.36 69.23 74.59 NOTE
r-devel-linux-x86_64-debian-gcc 0.2.0 4.18 50.68 54.86 NOTE
r-devel-linux-x86_64-fedora-clang 0.2.0 88.09 NOTE
r-devel-linux-x86_64-fedora-gcc 0.2.0 83.30 NOTE
r-devel-windows-x86_64 0.2.0 20.00 84.00 104.00 NOTE
r-patched-linux-x86_64 0.2.0 5.53 62.24 67.77 NOTE
r-release-linux-x86_64 0.2.0 5.38 62.99 68.37 NOTE
r-release-macos-arm64 0.2.0 28.00 NOTE
r-release-macos-x86_64 0.2.0 56.00 NOTE
r-release-windows-x86_64 0.2.0 16.00 86.00 102.00 NOTE
r-oldrel-macos-arm64 0.2.0 30.00 NOTE
r-oldrel-macos-x86_64 0.2.0 39.00 NOTE
r-oldrel-windows-ix86+x86_64 0.2.0 16.00 75.00 91.00 NOTE

Check Details

Version: 0.2.0
Check: LazyData
Result: NOTE
     'LazyData' is specified without a 'data' directory
Flavors: r-devel-linux-x86_64-debian-clang, r-devel-linux-x86_64-debian-gcc, r-devel-linux-x86_64-fedora-clang, r-devel-linux-x86_64-fedora-gcc, r-devel-windows-x86_64, r-patched-linux-x86_64, r-release-linux-x86_64, r-release-macos-arm64, r-release-macos-x86_64, r-release-windows-x86_64, r-oldrel-macos-arm64, r-oldrel-macos-x86_64, r-oldrel-windows-ix86+x86_64