Last updated on 2022-05-16 23:55:40 CEST.
Flavor | Version | Tinstall | Tcheck | Ttotal | Status | Flags |
---|---|---|---|---|---|---|
r-devel-linux-x86_64-debian-clang | 1.10.0 | 3.42 | 114.60 | 118.02 | OK | |
r-devel-linux-x86_64-debian-gcc | 1.10.0 | 2.11 | 83.68 | 85.79 | OK | |
r-devel-linux-x86_64-fedora-clang | 1.10.0 | 139.12 | NOTE | |||
r-devel-linux-x86_64-fedora-gcc | 1.10.0 | 220.25 | NOTE | |||
r-devel-windows-x86_64 | 1.10.0 | 40.00 | 187.00 | 227.00 | OK | |
r-patched-linux-x86_64 | 1.10.0 | 2.58 | 109.80 | 112.38 | OK | |
r-release-linux-x86_64 | 1.10.0 | 3.18 | 108.16 | 111.34 | OK | |
r-release-macos-arm64 | 1.10.0 | 67.00 | NOTE | |||
r-release-macos-x86_64 | 1.10.0 | 166.00 | NOTE | |||
r-release-windows-x86_64 | 1.10.0 | 33.00 | 190.00 | 223.00 | OK | |
r-oldrel-macos-arm64 | 1.10.0 | 72.00 | NOTE | |||
r-oldrel-macos-x86_64 | 1.10.0 | 168.00 | NOTE | |||
r-oldrel-windows-ix86+x86_64 | 1.10.0 | 10.00 | 58.00 | 68.00 | OK |
Version: 1.10.0
Check: dependencies in R code
Result: NOTE
Namespace in Imports field not imported from: ‘RJDBC’
All declared Imports should be used.
Flavors: r-devel-linux-x86_64-fedora-clang, r-devel-linux-x86_64-fedora-gcc, r-release-macos-arm64, r-release-macos-x86_64, r-oldrel-macos-arm64, r-oldrel-macos-x86_64