CRAN Package Check Results for Package rangemap

Last updated on 2021-09-27 23:50:50 CEST.

Flavor Version Tinstall Tcheck Ttotal Status Flags
r-devel-linux-x86_64-debian-clang 0.1.18 19.29 174.12 193.41 OK
r-devel-linux-x86_64-debian-gcc 0.1.18 15.69 131.67 147.36 OK
r-devel-linux-x86_64-fedora-clang 0.1.18 247.47 NOTE
r-devel-linux-x86_64-fedora-gcc 0.1.18 250.22 NOTE
r-devel-windows-x86_64 0.1.18 22.00 185.00 207.00 OK
r-devel-windows-x86_64-gcc10-UCRT 0.1.18 NOTE
r-patched-linux-x86_64 0.1.18 21.15 163.03 184.18 OK
r-patched-solaris-x86 0.1.18 305.80 NOTE
r-release-linux-x86_64 0.1.18 19.06 164.75 183.81 OK
r-release-macos-arm64 0.1.18 NOTE
r-release-macos-x86_64 0.1.18 NOTE
r-release-windows-ix86+x86_64 0.1.18 49.00 188.00 237.00 OK
r-oldrel-macos-x86_64 0.1.18 NOTE
r-oldrel-windows-ix86+x86_64 0.1.18 37.00 173.00 210.00 OK

Check Details

Version: 0.1.18
Check: data for non-ASCII characters
Result: NOTE
     Note: found 7734 marked UTF-8 strings
Flavors: r-devel-linux-x86_64-fedora-clang, r-devel-linux-x86_64-fedora-gcc, r-devel-windows-x86_64-gcc10-UCRT, r-patched-solaris-x86, r-release-macos-arm64, r-release-macos-x86_64, r-oldrel-macos-x86_64