CRAN Package Check Results for Package randtests

Last updated on 2021-10-24 23:51:59 CEST.

Flavor Version Tinstall Tcheck Ttotal Status Flags
r-devel-linux-x86_64-debian-clang 1.0 2.22 24.13 26.35 NOTE
r-devel-linux-x86_64-debian-gcc 1.0 1.90 19.13 21.03 NOTE
r-devel-linux-x86_64-fedora-clang 1.0 44.09 NOTE
r-devel-linux-x86_64-fedora-gcc 1.0 33.66 NOTE
r-devel-windows-x86_64 1.0 5.00 33.00 38.00 NOTE
r-devel-windows-x86_64-gcc10-UCRT 1.0 NOTE
r-patched-linux-x86_64 1.0 2.50 23.85 26.35 NOTE
r-patched-solaris-x86 1.0 49.50 NOTE
r-release-linux-x86_64 1.0 2.18 23.49 25.67 NOTE
r-release-macos-arm64 1.0 NOTE
r-release-macos-x86_64 1.0 NOTE
r-release-windows-ix86+x86_64 1.0 7.00 29.00 36.00 NOTE
r-oldrel-macos-x86_64 1.0 NOTE
r-oldrel-windows-ix86+x86_64 1.0 6.00 27.00 33.00 NOTE

Check Details

Version: 1.0
Check: DESCRIPTION meta-information
Result: NOTE
    Malformed Description field: should contain one or more complete sentences.
Flavors: r-devel-linux-x86_64-debian-clang, r-devel-linux-x86_64-debian-gcc, r-devel-linux-x86_64-fedora-clang, r-devel-linux-x86_64-fedora-gcc, r-devel-windows-x86_64, r-devel-windows-x86_64-gcc10-UCRT, r-patched-linux-x86_64, r-patched-solaris-x86, r-release-linux-x86_64, r-release-macos-arm64, r-release-macos-x86_64, r-release-windows-ix86+x86_64, r-oldrel-macos-x86_64, r-oldrel-windows-ix86+x86_64

Version: 1.0
Check: R code for possible problems
Result: NOTE
    bartels.rank.test: no visible global function definition for 'na.omit'
    bartels.rank.test: no visible global function definition for 'pbeta'
    bartels.rank.test: no visible global function definition for 'pnorm'
    cox.stuart.test: no visible global function definition for 'pbinom'
    difference.sign.test: no visible global function definition for
     'na.omit'
    difference.sign.test: no visible global function definition for 'pnorm'
    rank.test: no visible global function definition for 'na.omit'
    rank.test: no visible global function definition for 'pnorm'
    rruns: no visible global function definition for 'runif'
    runs.test: no visible global function definition for 'median'
    runs.test: no visible global function definition for 'na.omit'
    runs.test: no visible global function definition for 'points'
    runs.test: no visible global function definition for 'abline'
    runs.test: no visible global function definition for 'gray'
    runs.test: no visible global function definition for 'pnorm'
    turning.point.test: no visible global function definition for 'embed'
    turning.point.test: no visible global function definition for 'pnorm'
    Undefined global functions or variables:
     abline embed gray median na.omit pbeta pbinom pnorm points runif
    Consider adding
     importFrom("grDevices", "gray")
     importFrom("graphics", "abline", "points")
     importFrom("stats", "embed", "median", "na.omit", "pbeta", "pbinom",
     "pnorm", "runif")
    to your NAMESPACE file.
Flavors: r-devel-linux-x86_64-debian-clang, r-devel-linux-x86_64-debian-gcc, r-devel-linux-x86_64-fedora-clang, r-devel-linux-x86_64-fedora-gcc, r-devel-windows-x86_64, r-devel-windows-x86_64-gcc10-UCRT, r-patched-linux-x86_64, r-patched-solaris-x86, r-release-linux-x86_64, r-release-macos-arm64, r-release-macos-x86_64, r-release-windows-ix86+x86_64, r-oldrel-macos-x86_64, r-oldrel-windows-ix86+x86_64