CRAN Package Check Results for Package randomNames

Last updated on 2021-05-16 23:47:09 CEST.

Flavor Version Tinstall Tcheck Ttotal Status Flags
r-devel-linux-x86_64-debian-clang 1.5-0.0 4.60 32.72 37.32 OK
r-devel-linux-x86_64-debian-gcc 1.5-0.0 3.63 25.37 29.00 OK
r-devel-linux-x86_64-fedora-clang 1.5-0.0 53.76 OK
r-devel-linux-x86_64-fedora-gcc 1.5-0.0 44.12 OK
r-devel-windows-ix86+x86_64 1.5-0.0 10.00 38.00 48.00 OK
r-devel-windows-x86_64-gcc10-UCRT 1.5-0.0 OK
r-patched-linux-x86_64 1.5-0.0 4.41 31.48 35.89 OK
r-patched-solaris-x86 1.5-0.0 69.90 WARN
r-release-linux-x86_64 1.5-0.0 3.65 30.92 34.57 OK
r-release-macos-x86_64 1.5-0.0 WARN
r-release-windows-ix86+x86_64 1.5-0.0 8.00 36.00 44.00 OK
r-oldrel-macos-x86_64 1.5-0.0 ERROR
r-oldrel-windows-ix86+x86_64 1.4-0.0 7.00 40.00 47.00 OK

Check Details

Version: 1.5-0.0
Check: re-building of vignette outputs
Result: WARN
    Error(s) in re-building vignettes:
     ...
    --- re-building ‘randomNames.Rmd’ using rmarkdown
    Warning in engine$weave(file, quiet = quiet, encoding = enc) :
     Pandoc (>= 1.12.3) not available. Falling back to R Markdown v1.
    Quitting from lines 13-26 (randomNames.Rmd)
    Error: processing vignette 'randomNames.Rmd' failed with diagnostics:
    argument is of length zero
    --- failed re-building ‘randomNames.Rmd’
    
    SUMMARY: processing the following file failed:
     ‘randomNames.Rmd’
    
    Error: Vignette re-building failed.
    Execution halted
Flavors: r-patched-solaris-x86, r-release-macos-x86_64

Version: 1.5-0.0
Check: package dependencies
Result: ERROR
    Package required and available but unsuitable version: ‘data.table’
    
    See section ‘The DESCRIPTION file’ in the ‘Writing R Extensions’
    manual.
Flavor: r-oldrel-macos-x86_64