CRAN Package Check Results for Package randgeo

Last updated on 2024-07-22 00:50:45 CEST.

Flavor Version Tinstall Tcheck Ttotal Status Flags
r-devel-linux-x86_64-debian-clang 0.3.0 2.45 30.75 33.20 NOTE
r-devel-linux-x86_64-debian-gcc 0.3.0 1.92 23.48 25.40 NOTE
r-devel-linux-x86_64-fedora-clang 0.3.0 43.30 NOTE
r-devel-linux-x86_64-fedora-gcc 0.3.0 52.68 NOTE
r-devel-windows-x86_64 0.3.0 3.00 48.00 51.00 NOTE
r-patched-linux-x86_64 0.3.0 2.18 29.92 32.10 NOTE
r-release-linux-x86_64 0.3.0 2.22 30.00 32.22 NOTE
r-release-macos-arm64 0.3.0 24.00 NOTE
r-release-macos-x86_64 0.3.0 33.00 NOTE
r-release-windows-x86_64 0.3.0 3.00 56.00 59.00 NOTE
r-oldrel-macos-arm64 0.3.0 23.00 NOTE
r-oldrel-macos-x86_64 0.3.0 33.00 NOTE
r-oldrel-windows-x86_64 0.3.0 4.00 49.00 53.00 NOTE

Check Details

Version: 0.3.0
Check: LazyData
Result: NOTE 'LazyData' is specified without a 'data' directory Flavors: r-devel-linux-x86_64-debian-clang, r-devel-linux-x86_64-debian-gcc, r-devel-linux-x86_64-fedora-clang, r-devel-linux-x86_64-fedora-gcc, r-devel-windows-x86_64, r-patched-linux-x86_64, r-release-linux-x86_64, r-release-macos-arm64, r-release-macos-x86_64, r-release-windows-x86_64, r-oldrel-macos-arm64, r-oldrel-macos-x86_64, r-oldrel-windows-x86_64