Last updated on 2023-01-28 23:51:47 CET.
Flavor | Version | Tinstall | Tcheck | Ttotal | Status | Flags |
---|---|---|---|---|---|---|
r-devel-linux-x86_64-debian-clang | 0.3.0 | 30.25 | 211.88 | 242.13 | OK | |
r-devel-linux-x86_64-debian-gcc | 0.3.0 | 24.00 | 155.69 | 179.69 | NOTE | |
r-devel-linux-x86_64-fedora-clang | 0.3.0 | 308.95 | NOTE | |||
r-devel-linux-x86_64-fedora-gcc | 0.3.0 | 325.93 | NOTE | |||
r-patched-linux-x86_64 | 0.3.0 | 24.01 | 204.96 | 228.97 | OK | |
r-release-linux-x86_64 | 0.3.0 | 24.43 | 195.49 | 219.92 | OK | |
r-release-macos-arm64 | 0.3.0 | 77.00 | OK | |||
r-release-macos-x86_64 | 0.3.0 | 159.00 | OK | |||
r-release-windows-x86_64 | 0.3.0 | 130.00 | 275.00 | 405.00 | OK | |
r-oldrel-macos-arm64 | 0.3.0 | 67.00 | OK | |||
r-oldrel-macos-x86_64 | 0.3.0 | 105.00 | OK | |||
r-oldrel-windows-ix86+x86_64 | 0.3.0 | 77.00 | 309.00 | 386.00 | OK |
Version: 0.3.0
Check: C++ specification
Result: NOTE
Specified C++11: please update to current default of C++17
Flavors: r-devel-linux-x86_64-debian-gcc, r-devel-linux-x86_64-fedora-clang, r-devel-linux-x86_64-fedora-gcc