CRAN Package Check Results for Package ragg

Last updated on 2021-10-21 23:50:23 CEST.

Flavor Version Tinstall Tcheck Ttotal Status Flags
r-devel-linux-x86_64-debian-clang 1.1.3 49.93 28.93 78.86 OK
r-devel-linux-x86_64-debian-gcc 1.1.3 44.32 23.06 67.38 OK
r-devel-linux-x86_64-fedora-clang 1.1.3 127.31 NOTE
r-devel-linux-x86_64-fedora-gcc 1.1.3 115.94 OK
r-devel-windows-x86_64 1.1.3 70.00 51.00 121.00 OK
r-devel-windows-x86_64-gcc10-UCRT 1.1.3 OK
r-patched-linux-x86_64 1.1.3 49.37 27.89 77.26 OK
r-patched-solaris-x86 1.1.3 170.20 OK
r-release-linux-x86_64 1.1.3 49.06 27.89 76.95 OK
r-release-macos-arm64 1.1.3 NOTE
r-release-macos-x86_64 1.1.3 NOTE
r-release-windows-ix86+x86_64 1.1.3 111.00 86.00 197.00 NOTE
r-oldrel-macos-x86_64 1.1.3 NOTE
r-oldrel-windows-ix86+x86_64 1.1.3 139.00 86.00 225.00 NOTE

Check Details

Version: 1.1.3
Check: installed package size
Result: NOTE
     installed size is 5.2Mb
     sub-directories of 1Mb or more:
     libs 4.9Mb
Flavors: r-devel-linux-x86_64-fedora-clang, r-release-macos-arm64, r-release-macos-x86_64, r-release-windows-ix86+x86_64, r-oldrel-macos-x86_64, r-oldrel-windows-ix86+x86_64