CRAN Package Check Results for Package radiant.model

Last updated on 2021-09-27 23:50:50 CEST.

Flavor Version Tinstall Tcheck Ttotal Status Flags
r-devel-linux-x86_64-debian-clang 1.4.0 27.63 227.37 255.00 OK
r-devel-linux-x86_64-debian-gcc 1.4.0 20.97 173.56 194.53 OK
r-devel-linux-x86_64-fedora-clang 1.4.0 300.53 NOTE
r-devel-linux-x86_64-fedora-gcc 1.4.0 319.49 OK
r-devel-windows-x86_64 1.4.0 30.00 200.00 230.00 OK
r-devel-windows-x86_64-gcc10-UCRT 1.4.0 OK
r-patched-linux-x86_64 1.4.0 32.08 211.32 243.40 OK
r-patched-solaris-x86 1.4.0 382.10 OK
r-release-linux-x86_64 1.4.0 25.42 213.64 239.06 OK
r-release-macos-arm64 1.4.0 OK
r-release-macos-x86_64 1.4.0 OK
r-release-windows-ix86+x86_64 1.4.0 58.00 206.00 264.00 OK
r-oldrel-macos-x86_64 1.4.0 OK
r-oldrel-windows-ix86+x86_64 1.4.0 42.00 209.00 251.00 OK

Check Details

Version: 1.4.0
Check: package dependencies
Result: NOTE
    Imports includes 26 non-default packages.
    Importing from so many packages makes the package vulnerable to any of
    them becoming unavailable. Move as many as possible to Suggests and
    use conditionally.
Flavor: r-devel-linux-x86_64-fedora-clang