CRAN Package Check Results for Package radiant.design

Last updated on 2024-05-19 00:52:27 CEST.

Flavor Version Tinstall Tcheck Ttotal Status Flags
r-devel-linux-x86_64-debian-clang 1.6.6 13.05 100.86 113.91 OK
r-devel-linux-x86_64-debian-gcc 1.6.6 10.54 76.57 87.11 OK
r-devel-linux-x86_64-fedora-clang 1.6.6 146.91 OK
r-devel-linux-x86_64-fedora-gcc 1.6.6 135.15 OK
r-devel-windows-x86_64 1.6.6 13.00 92.00 105.00 OK
r-patched-linux-x86_64 1.6.1 11.83 96.55 108.38 OK
r-release-linux-x86_64 1.6.1 11.53 96.32 107.85 OK
r-release-macos-arm64 1.6.6 42.00 OK
r-release-macos-x86_64 1.6.6 7.00 ERROR
r-release-windows-x86_64 1.6.6 12.00 96.00 108.00 OK
r-oldrel-macos-arm64 1.6.6 42.00 OK
r-oldrel-macos-x86_64 1.6.6 113.00 OK
r-oldrel-windows-x86_64 1.6.6 12.00 115.00 127.00 OK

Check Details

Version: 1.6.6
Check: package dependencies
Result: ERROR Package required and available but unsuitable version: ‘radiant.data’ See section ‘The DESCRIPTION file’ in the ‘Writing R Extensions’ manual. Flavor: r-release-macos-x86_64