CRAN Package Check Results for Package rSPDE

Last updated on 2021-09-15 23:49:57 CEST.

Flavor Version Tinstall Tcheck Ttotal Status Flags
r-devel-linux-x86_64-debian-clang 0.6.2 8.62 76.12 84.74 NOTE
r-devel-linux-x86_64-debian-gcc 0.6.2 6.07 57.83 63.90 NOTE
r-devel-linux-x86_64-fedora-clang 0.6.2 110.32 OK
r-devel-linux-x86_64-fedora-gcc 0.6.2 98.06 OK
r-devel-windows-x86_64 0.6.2 9.00 102.00 111.00 OK
r-devel-windows-x86_64-gcc10-UCRT 0.6.2 NOTE
r-patched-linux-x86_64 0.6.2 6.95 73.29 80.24 NOTE
r-patched-solaris-x86 0.6.2 143.20 NOTE
r-release-linux-x86_64 0.6.2 6.70 73.18 79.88 NOTE
r-release-macos-arm64 0.6.2 NOTE
r-release-macos-x86_64 0.6.2 NOTE
r-release-windows-ix86+x86_64 0.6.2 17.00 75.00 92.00 OK
r-oldrel-macos-x86_64 0.6.2 NOTE
r-oldrel-windows-ix86+x86_64 0.6.2 12.00 93.00 105.00 OK

Check Details

Version: 0.6.2
Check: package dependencies
Result: NOTE
    Package suggested but not available for checking: 'INLA'
Flavors: r-devel-linux-x86_64-debian-clang, r-devel-linux-x86_64-debian-gcc, r-devel-windows-x86_64-gcc10-UCRT, r-patched-linux-x86_64, r-patched-solaris-x86, r-release-linux-x86_64, r-release-macos-arm64, r-release-macos-x86_64, r-oldrel-macos-x86_64