CRAN Package Check Results for Package rSEA

Last updated on 2021-10-27 23:50:38 CEST.

Flavor Version Tinstall Tcheck Ttotal Status Flags
r-devel-linux-x86_64-debian-clang 2.1.1 5.93 54.37 60.30 NOTE
r-devel-linux-x86_64-debian-gcc 2.1.1 4.05 41.47 45.52 NOTE
r-devel-linux-x86_64-fedora-clang 2.1.1 81.22 NOTE
r-devel-linux-x86_64-fedora-gcc 2.1.1 69.52 NOTE
r-devel-windows-x86_64 2.1.1 9.00 65.00 74.00 NOTE
r-devel-windows-x86_64-gcc10-UCRT 2.1.1 NOTE
r-patched-linux-x86_64 2.1.1 5.43 50.11 55.54 NOTE
r-patched-solaris-x86 2.1.1 100.50 NOTE
r-release-linux-x86_64 2.1.1 5.69 49.64 55.33 NOTE
r-release-macos-arm64 2.1.1 NOTE
r-release-macos-x86_64 2.1.1 NOTE
r-release-windows-ix86+x86_64 2.1.1 11.00 74.00 85.00 NOTE
r-oldrel-macos-x86_64 2.1.1 OK
r-oldrel-windows-ix86+x86_64 2.1.1 11.00 75.00 86.00 OK

Check Details

Version: 2.1.1
Check: LazyData
Result: NOTE
     'LazyData' is specified without a 'data' directory
Flavors: r-devel-linux-x86_64-debian-clang, r-devel-linux-x86_64-debian-gcc, r-devel-linux-x86_64-fedora-clang, r-devel-linux-x86_64-fedora-gcc, r-devel-windows-x86_64, r-devel-windows-x86_64-gcc10-UCRT, r-patched-linux-x86_64, r-patched-solaris-x86, r-release-linux-x86_64, r-release-macos-arm64, r-release-macos-x86_64, r-release-windows-ix86+x86_64