Last updated on 2022-05-17 23:56:45 CEST.
Flavor | Version | Tinstall | Tcheck | Ttotal | Status | Flags |
---|---|---|---|---|---|---|
r-devel-linux-x86_64-debian-clang | 1.3.2-1 | 18.07 | 118.33 | 136.40 | NOTE | |
r-devel-linux-x86_64-debian-gcc | 1.3.2-1 | 14.32 | 86.47 | 100.79 | NOTE | |
r-devel-linux-x86_64-fedora-clang | 1.3.2-1 | 162.28 | NOTE | |||
r-devel-linux-x86_64-fedora-gcc | 1.3.2-1 | 154.02 | NOTE | |||
r-devel-windows-x86_64 | 1.3.2-1 | 88.00 | 157.00 | 245.00 | NOTE | |
r-patched-linux-x86_64 | 1.3.2-1 | 15.41 | 111.73 | 127.14 | NOTE | |
r-release-linux-x86_64 | 1.3.2-1 | 13.90 | 111.26 | 125.16 | NOTE | |
r-release-macos-arm64 | 1.3.2-1 | 47.00 | NOTE | |||
r-release-macos-x86_64 | 1.3.2-1 | 78.00 | NOTE | |||
r-release-windows-x86_64 | 1.3.2-1 | 68.00 | 143.00 | 211.00 | NOTE | |
r-oldrel-macos-arm64 | 1.3.2-1 | 50.00 | NOTE | |||
r-oldrel-macos-x86_64 | 1.3.2-1 | 72.00 | NOTE | |||
r-oldrel-windows-ix86+x86_64 | 1.3.2-1 | 29.00 | 134.00 | 163.00 | NOTE |
Version: 1.3.2-1
Check: LazyData
Result: NOTE
'LazyData' is specified without a 'data' directory
Flavors: r-devel-linux-x86_64-debian-clang, r-devel-linux-x86_64-debian-gcc, r-devel-linux-x86_64-fedora-clang, r-devel-linux-x86_64-fedora-gcc, r-devel-windows-x86_64, r-patched-linux-x86_64, r-release-linux-x86_64, r-release-macos-arm64, r-release-macos-x86_64, r-release-windows-x86_64, r-oldrel-macos-arm64, r-oldrel-macos-x86_64, r-oldrel-windows-ix86+x86_64