CRAN Package Check Results for Package rNeighborQTL

Last updated on 2021-10-24 23:52:00 CEST.

Flavor Version Tinstall Tcheck Ttotal Status Flags
r-devel-linux-x86_64-debian-clang 1.1.2 8.49 142.20 150.69 OK
r-devel-linux-x86_64-debian-gcc 1.1.2 7.23 108.14 115.37 OK
r-devel-linux-x86_64-fedora-clang 1.1.2 187.61 NOTE
r-devel-linux-x86_64-fedora-gcc 1.1.2 178.19 NOTE
r-devel-windows-x86_64 1.1.2 13.00 143.00 156.00 OK
r-devel-windows-x86_64-gcc10-UCRT 1.1.2 NOTE
r-patched-linux-x86_64 1.1.2 8.66 135.10 143.76 OK
r-patched-solaris-x86 1.1.2 168.80 NOTE
r-release-linux-x86_64 1.1.2 7.36 136.14 143.50 OK
r-release-macos-arm64 1.1.2 NOTE
r-release-macos-x86_64 1.1.2 NOTE
r-release-windows-ix86+x86_64 1.1.2 13.00 176.00 189.00 OK
r-oldrel-macos-x86_64 1.1.2 NOTE
r-oldrel-windows-ix86+x86_64 1.1.2 20.00 178.00 198.00 OK

Check Details

Version: 1.1.2
Check: dependencies in R code
Result: NOTE
    Namespace in Imports field not imported from: ‘qtl’
     All declared Imports should be used.
Flavors: r-devel-linux-x86_64-fedora-clang, r-devel-linux-x86_64-fedora-gcc, r-devel-windows-x86_64-gcc10-UCRT, r-patched-solaris-x86, r-release-macos-arm64, r-release-macos-x86_64, r-oldrel-macos-x86_64