Last updated on 2023-01-30 00:31:23 CET.
Flavor | Version | Tinstall | Tcheck | Ttotal | Status | Flags |
---|---|---|---|---|---|---|
r-devel-linux-x86_64-debian-clang | 1.0.6 | 129.76 | 76.74 | 206.50 | OK | |
r-devel-linux-x86_64-debian-gcc | 1.0.6 | 101.79 | 57.61 | 159.40 | NOTE | |
r-devel-linux-x86_64-fedora-clang | 1.0.6 | 273.49 | NOTE | |||
r-devel-linux-x86_64-fedora-gcc | 1.0.6 | 277.08 | NOTE | |||
r-devel-windows-x86_64 | 1.0.6 | 169.00 | 139.00 | 308.00 | NOTE | |
r-patched-linux-x86_64 | 1.0.6 | 101.08 | 72.11 | 173.19 | OK | |
r-release-linux-x86_64 | 1.0.6 | 104.09 | 72.83 | 176.92 | OK | |
r-release-macos-arm64 | 1.0.6 | 57.00 | NOTE | |||
r-release-macos-x86_64 | 1.0.6 | 82.00 | NOTE | |||
r-release-windows-x86_64 | 1.0.6 | 110.00 | 128.00 | 238.00 | OK | |
r-oldrel-macos-arm64 | 1.0.6 | 78.00 | NOTE | |||
r-oldrel-macos-x86_64 | 1.0.6 | 122.00 | NOTE | |||
r-oldrel-windows-ix86+x86_64 | 1.0.6 | 290.00 | 142.00 | 432.00 | OK |
Version: 1.0.6
Check: C++ specification
Result: NOTE
Specified C++11: please update to current default of C++17
Flavors: r-devel-linux-x86_64-debian-gcc, r-devel-linux-x86_64-fedora-clang, r-devel-linux-x86_64-fedora-gcc, r-devel-windows-x86_64
Version: 1.0.6
Check: dependencies in R code
Result: NOTE
Namespace in Imports field not imported from: ‘Rcpp’
All declared Imports should be used.
Flavors: r-devel-linux-x86_64-fedora-clang, r-devel-linux-x86_64-fedora-gcc, r-release-macos-arm64, r-release-macos-x86_64, r-oldrel-macos-arm64, r-oldrel-macos-x86_64
Version: 1.0.6
Check: installed package size
Result: NOTE
installed size is 20.3Mb
sub-directories of 1Mb or more:
libs 19.1Mb
Flavors: r-release-macos-arm64, r-release-macos-x86_64, r-oldrel-macos-arm64, r-oldrel-macos-x86_64