CRAN Package Check Results for Package rKOMICS

Last updated on 2021-10-19 23:53:08 CEST.

Flavor Version Tinstall Tcheck Ttotal Status Flags
r-devel-linux-x86_64-debian-clang 1.1 17.96 222.43 240.39 OK
r-devel-linux-x86_64-debian-gcc 1.1 15.53 162.79 178.32 OK
r-devel-linux-x86_64-fedora-clang 1.1 294.37 NOTE
r-devel-linux-x86_64-fedora-gcc 1.1 281.48 OK
r-devel-windows-x86_64 1.1 52.00 233.00 285.00 NOTE
r-devel-windows-x86_64-gcc10-UCRT 1.1 OK
r-patched-linux-x86_64 1.1 17.32 208.48 225.80 OK
r-patched-solaris-x86 1.1 398.90 NOTE
r-release-linux-x86_64 1.1 16.71 210.65 227.36 OK
r-release-macos-arm64 1.1 NOTE
r-release-macos-x86_64 1.1 NOTE
r-release-windows-ix86+x86_64 1.1 68.00 273.00 341.00 NOTE
r-oldrel-macos-x86_64 1.1 NOTE
r-oldrel-windows-ix86+x86_64 1.1 69.00 274.00 343.00 NOTE

Check Details

Version: 1.1
Check: installed package size
Result: NOTE
     installed size is 24.8Mb
     sub-directories of 1Mb or more:
     extdata 24.0Mb
Flavors: r-devel-linux-x86_64-fedora-clang, r-devel-windows-x86_64, r-patched-solaris-x86, r-release-macos-arm64, r-release-macos-x86_64, r-release-windows-ix86+x86_64, r-oldrel-macos-x86_64, r-oldrel-windows-ix86+x86_64