CRAN Package Check Results for Package rGammaGamma

Last updated on 2021-12-01 23:51:48 CET.

Flavor Version Tinstall Tcheck Ttotal Status Flags
r-devel-linux-x86_64-debian-clang 1.0.12 2.08 20.19 22.27 NOTE
r-devel-linux-x86_64-debian-gcc 1.0.12 1.34 16.14 17.48 NOTE
r-devel-linux-x86_64-fedora-clang 1.0.12 38.20 NOTE
r-devel-linux-x86_64-fedora-gcc 1.0.12 27.81 NOTE
r-devel-windows-x86_64-new-UL 1.0.12 5.00 55.00 60.00 NOTE
r-devel-windows-x86_64-new-TK 1.0.12 NOTE
r-devel-windows-x86_64-old 1.0.12 3.00 31.00 34.00 NOTE
r-patched-linux-x86_64 1.0.12 2.14 19.27 21.41 NOTE
r-patched-solaris-x86 1.0.12 47.00 NOTE
r-release-linux-x86_64 1.0.12 1.90 19.32 21.22 NOTE
r-release-macos-arm64 1.0.12 NOTE
r-release-macos-x86_64 1.0.12 NOTE
r-release-windows-ix86+x86_64 1.0.12 4.00 31.00 35.00 NOTE
r-oldrel-macos-x86_64 1.0.12 NOTE
r-oldrel-windows-ix86+x86_64 1.0.12 4.00 40.00 44.00 NOTE

Check Details

Version: 1.0.12
Check: DESCRIPTION meta-information
Result: NOTE
    Malformed Title field: should not end in a period.
Flavors: r-devel-linux-x86_64-debian-clang, r-devel-linux-x86_64-debian-gcc, r-devel-linux-x86_64-fedora-clang, r-devel-linux-x86_64-fedora-gcc, r-devel-windows-x86_64-new-UL, r-devel-windows-x86_64-new-TK, r-devel-windows-x86_64-old, r-patched-linux-x86_64, r-patched-solaris-x86, r-release-linux-x86_64, r-release-macos-arm64, r-release-macos-x86_64, r-release-windows-ix86+x86_64, r-oldrel-macos-x86_64, r-oldrel-windows-ix86+x86_64

Version: 1.0.12
Check: dependencies in R code
Result: NOTE
    Package in Depends field not imported from: 'gsl'
     These packages need to be imported from (in the NAMESPACE file)
     for when this namespace is loaded but not attached.
Flavors: r-devel-linux-x86_64-debian-clang, r-devel-linux-x86_64-debian-gcc, r-devel-linux-x86_64-fedora-clang, r-devel-linux-x86_64-fedora-gcc, r-devel-windows-x86_64-new-UL, r-devel-windows-x86_64-new-TK, r-devel-windows-x86_64-old, r-patched-linux-x86_64, r-patched-solaris-x86, r-release-linux-x86_64, r-release-macos-arm64, r-release-macos-x86_64, r-release-windows-ix86+x86_64, r-oldrel-macos-x86_64, r-oldrel-windows-ix86+x86_64

Version: 1.0.12
Check: R code for possible problems
Result: NOTE
    gammaIntegral: no visible global function definition for 'integrate'
    gammaIntegral : <anonymous>: no visible global function definition for
     'hyperg_1F1'
    gammaMLE: no visible global function definition for 'weighted.mean'
    gammaMME: no visible binding for global variable 'sd'
    gammaMME: no visible binding for global variable 'var'
    Undefined global functions or variables:
     hyperg_1F1 integrate sd var weighted.mean
    Consider adding
     importFrom("stats", "integrate", "sd", "var", "weighted.mean")
    to your NAMESPACE file.
Flavors: r-devel-linux-x86_64-debian-clang, r-devel-linux-x86_64-debian-gcc, r-devel-linux-x86_64-fedora-clang, r-devel-linux-x86_64-fedora-gcc, r-devel-windows-x86_64-new-UL, r-devel-windows-x86_64-new-TK, r-devel-windows-x86_64-old, r-patched-linux-x86_64, r-patched-solaris-x86, r-release-linux-x86_64, r-release-macos-arm64, r-release-macos-x86_64, r-release-windows-ix86+x86_64, r-oldrel-macos-x86_64, r-oldrel-windows-ix86+x86_64