Last updated on 2025-01-16 00:49:40 CET.
Flavor | Version | Tinstall | Tcheck | Ttotal | Status | Flags |
---|---|---|---|---|---|---|
r-devel-linux-x86_64-debian-clang | 1.15.4 | 129.09 | 74.18 | 203.27 | OK | |
r-devel-linux-x86_64-debian-gcc | 1.15.4 | 101.79 | 55.35 | 157.14 | OK | |
r-devel-linux-x86_64-fedora-clang | 1.15.4 | 397.81 | OK | |||
r-devel-linux-x86_64-fedora-gcc | 1.15.4 | 452.61 | OK | |||
r-devel-windows-x86_64 | 1.15.4 | 113.00 | 192.00 | 305.00 | OK | |
r-patched-linux-x86_64 | 1.15.4 | 143.19 | 71.27 | 214.46 | OK | |
r-release-linux-x86_64 | 1.15.4 | 145.47 | 71.82 | 217.29 | OK | |
r-release-macos-arm64 | 1.15.4 | 126.00 | NOTE | |||
r-release-macos-x86_64 | 1.15.4 | 106.00 | NOTE | |||
r-release-windows-x86_64 | 1.15.4 | 113.00 | 188.00 | 301.00 | OK | |
r-oldrel-macos-arm64 | 1.15.4 | 102.00 | NOTE | |||
r-oldrel-macos-x86_64 | 1.15.4 | 152.00 | NOTE | |||
r-oldrel-windows-x86_64 | 1.15.4 | 120.00 | 214.00 | 334.00 | OK |
Version: 1.15.4
Check: installed package size
Result: NOTE
installed size is 11.9Mb
sub-directories of 1Mb or more:
libs 11.1Mb
Flavors: r-release-macos-arm64, r-release-macos-x86_64, r-oldrel-macos-arm64, r-oldrel-macos-x86_64