CRAN Package Check Results for Package rEDM

Last updated on 2024-06-15 00:54:15 CEST.

Flavor Version Tinstall Tcheck Ttotal Status Flags
r-devel-linux-x86_64-debian-clang 1.15.4 216.51 88.65 305.16 OK
r-devel-linux-x86_64-debian-gcc 1.15.4 159.32 69.20 228.52 OK
r-devel-linux-x86_64-fedora-clang 1.15.4 450.02 OK
r-devel-linux-x86_64-fedora-gcc 1.15.4 502.54 OK
r-devel-windows-x86_64 1.15.4 141.00 189.00 330.00 OK
r-patched-linux-x86_64 1.15.4 195.27 83.73 279.00 OK
r-release-linux-x86_64 1.15.4 192.06 86.06 278.12 OK
r-release-macos-arm64 1.15.4 126.00 NOTE
r-release-macos-x86_64 1.15.4 106.00 NOTE
r-release-windows-x86_64 1.15.4 141.00 193.00 334.00 OK
r-oldrel-macos-arm64 1.15.4 102.00 NOTE
r-oldrel-macos-x86_64 1.15.4 152.00 NOTE
r-oldrel-windows-x86_64 1.15.4 136.00 217.00 353.00 OK

Check Details

Version: 1.15.4
Check: installed package size
Result: NOTE installed size is 11.9Mb sub-directories of 1Mb or more: libs 11.1Mb Flavors: r-release-macos-arm64, r-release-macos-x86_64, r-oldrel-macos-arm64, r-oldrel-macos-x86_64