Last updated on 2023-06-10 00:54:54 CEST.
Flavor | Version | Tinstall | Tcheck | Ttotal | Status | Flags |
---|---|---|---|---|---|---|
r-devel-linux-x86_64-debian-clang | 0.4.3 | 12.91 | 113.65 | 126.56 | NOTE | |
r-devel-linux-x86_64-debian-gcc | 0.4.3 | 10.79 | 88.32 | 99.11 | NOTE | |
r-devel-linux-x86_64-fedora-clang | 0.4.3 | 153.88 | NOTE | |||
r-devel-linux-x86_64-fedora-gcc | 0.4.3 | 155.13 | NOTE | |||
r-devel-windows-x86_64 | 0.4.3 | 11.00 | 94.00 | 105.00 | NOTE | |
r-patched-linux-x86_64 | 0.4.3 | 11.99 | 110.39 | 122.38 | NOTE | |
r-release-linux-x86_64 | 0.4.3 | 10.68 | 109.81 | 120.49 | NOTE | |
r-release-macos-arm64 | 0.4.3 | 47.00 | NOTE | |||
r-release-macos-x86_64 | 0.4.3 | 70.00 | NOTE | |||
r-release-windows-x86_64 | 0.4.3 | 14.00 | 113.00 | 127.00 | NOTE | |
r-oldrel-macos-arm64 | 0.4.3 | 44.00 | NOTE | |||
r-oldrel-macos-x86_64 | 0.4.3 | 61.00 | NOTE | |||
r-oldrel-windows-x86_64 | 0.4.3 | 15.00 | 114.00 | 129.00 | NOTE |
Version: 0.4.3
Check: LazyData
Result: NOTE
'LazyData' is specified without a 'data' directory
Flavors: r-devel-linux-x86_64-debian-clang, r-devel-linux-x86_64-debian-gcc, r-devel-linux-x86_64-fedora-clang, r-devel-linux-x86_64-fedora-gcc, r-devel-windows-x86_64, r-patched-linux-x86_64, r-release-linux-x86_64, r-release-macos-arm64, r-release-macos-x86_64, r-release-windows-x86_64, r-oldrel-macos-arm64, r-oldrel-macos-x86_64, r-oldrel-windows-x86_64