CRAN Package Check Results for Package rAmCharts4

Last updated on 2021-09-24 23:53:59 CEST.

Flavor Version Tinstall Tcheck Ttotal Status Flags
r-devel-linux-x86_64-debian-clang 1.4.0 10.57 67.72 78.29 OK
r-devel-linux-x86_64-debian-gcc 1.4.0 7.93 51.74 59.67 OK
r-devel-linux-x86_64-fedora-clang 1.4.0 99.39 NOTE
r-devel-linux-x86_64-fedora-gcc 1.4.0 89.08 OK
r-devel-windows-x86_64 1.4.0 13.00 69.00 82.00 NOTE
r-devel-windows-x86_64-gcc10-UCRT 1.4.0 OK
r-patched-linux-x86_64 1.4.0 12.05 65.19 77.24 OK
r-patched-solaris-x86 1.4.0 113.40 NOTE
r-release-linux-x86_64 1.4.0 10.46 65.31 75.77 OK
r-release-macos-arm64 1.4.0 NOTE
r-release-macos-x86_64 1.4.0 NOTE
r-release-windows-ix86+x86_64 1.4.0 19.00 75.00 94.00 NOTE
r-oldrel-macos-x86_64 1.4.0 NOTE
r-oldrel-windows-ix86+x86_64 1.4.0 17.00 67.00 84.00 NOTE

Check Details

Version: 1.4.0
Check: installed package size
Result: NOTE
     installed size is 11.2Mb
     sub-directories of 1Mb or more:
     htmlwidgets 9.7Mb
     super-tiny-icons 1.0Mb
Flavors: r-devel-linux-x86_64-fedora-clang, r-devel-windows-x86_64, r-patched-solaris-x86, r-release-macos-arm64, r-release-macos-x86_64, r-release-windows-ix86+x86_64, r-oldrel-macos-x86_64, r-oldrel-windows-ix86+x86_64