CRAN Package Check Results for Package r2dii.data

Last updated on 2021-10-18 23:49:42 CEST.

Flavor Version Tinstall Tcheck Ttotal Status Flags
r-devel-linux-x86_64-debian-clang 0.2.2 3.20 28.76 31.96 OK
r-devel-linux-x86_64-debian-gcc 0.2.2 2.27 23.26 25.53 OK
r-devel-linux-x86_64-fedora-clang 0.2.2 49.46 NOTE
r-devel-linux-x86_64-fedora-gcc 0.2.2 39.22 NOTE
r-devel-windows-x86_64 0.2.2 5.00 48.00 53.00 OK
r-devel-windows-x86_64-gcc10-UCRT 0.2.2 NOTE
r-patched-linux-x86_64 0.2.2 3.07 28.11 31.18 OK
r-patched-solaris-x86 0.2.2 57.20 NOTE
r-release-linux-x86_64 0.2.2 2.81 27.98 30.79 OK
r-release-macos-arm64 0.2.2 NOTE
r-release-macos-x86_64 0.2.2 NOTE
r-release-windows-ix86+x86_64 0.2.2 6.00 59.00 65.00 OK
r-oldrel-macos-x86_64 0.2.2 NOTE
r-oldrel-windows-ix86+x86_64 0.2.2 7.00 54.00 61.00 OK

Check Details

Version: 0.2.2
Check: data for non-ASCII characters
Result: NOTE
     Note: found 34 marked UTF-8 strings
Flavors: r-devel-linux-x86_64-fedora-clang, r-devel-linux-x86_64-fedora-gcc, r-devel-windows-x86_64-gcc10-UCRT, r-patched-solaris-x86, r-release-macos-arm64, r-release-macos-x86_64, r-oldrel-macos-x86_64