CRAN Package Check Results for Package quickregression

Last updated on 2021-09-19 23:50:27 CEST.

Flavor Version Tinstall Tcheck Ttotal Status Flags
r-devel-linux-x86_64-debian-clang 0.2 4.98 45.21 50.19 NOTE
r-devel-linux-x86_64-debian-gcc 0.2 4.18 33.51 37.69 NOTE
r-devel-linux-x86_64-fedora-clang 0.2 69.08 NOTE
r-devel-linux-x86_64-fedora-gcc 0.2 55.08 NOTE
r-devel-windows-x86_64 0.2 7.00 46.00 53.00 NOTE
r-devel-windows-x86_64-gcc10-UCRT 0.2 ERROR
r-patched-linux-x86_64 0.2 4.56 41.63 46.19 NOTE
r-patched-solaris-x86 0.2 94.00 NOTE
r-release-linux-x86_64 0.2 3.97 41.25 45.22 NOTE
r-release-macos-arm64 0.2 NOTE
r-release-macos-x86_64 0.2 NOTE
r-release-windows-ix86+x86_64 0.2 13.00 49.00 62.00 NOTE
r-oldrel-macos-x86_64 0.2 OK
r-oldrel-windows-ix86+x86_64 0.2 14.00 48.00 62.00 OK

Check Details

Version: 0.2
Check: LazyData
Result: NOTE
     'LazyData' is specified without a 'data' directory
Flavors: r-devel-linux-x86_64-debian-clang, r-devel-linux-x86_64-debian-gcc, r-devel-linux-x86_64-fedora-clang, r-devel-linux-x86_64-fedora-gcc, r-devel-windows-x86_64, r-devel-windows-x86_64-gcc10-UCRT, r-patched-linux-x86_64, r-patched-solaris-x86, r-release-linux-x86_64, r-release-macos-arm64, r-release-macos-x86_64, r-release-windows-ix86+x86_64

Version: 0.2
Check: whether package can be installed
Result: WARN
    Found the following significant warnings:
     WARNING: installation-time patches will not be applied, could not get the patches index
Flavor: r-devel-windows-x86_64-gcc10-UCRT

Version: 0.2
Check: PDF version of manual
Result: WARN
    LaTeX errors when creating PDF version.
    This typically indicates Rd problems.
Flavor: r-devel-windows-x86_64-gcc10-UCRT

Version: 0.2
Check: PDF version of manual without hyperrefs or index
Result: ERROR
    Re-running with no redirection of stdout/stderr.
Flavor: r-devel-windows-x86_64-gcc10-UCRT