CRAN Package Check Results for Package quickReg

Last updated on 2021-10-27 23:50:36 CEST.

Flavor Version Tinstall Tcheck Ttotal Status Flags
r-devel-linux-x86_64-debian-clang 1.5.0 6.39 81.32 87.71 OK
r-devel-linux-x86_64-debian-gcc 1.5.0 4.98 60.79 65.77 OK
r-devel-linux-x86_64-fedora-clang 1.5.0 111.86 NOTE
r-devel-linux-x86_64-fedora-gcc 1.5.0 101.99 NOTE
r-devel-windows-x86_64 1.5.0 10.00 81.00 91.00 OK
r-devel-windows-x86_64-gcc10-UCRT 1.5.0 NOTE
r-patched-linux-x86_64 1.5.0 6.25 75.63 81.88 OK
r-patched-solaris-x86 1.5.0 126.00 NOTE
r-release-linux-x86_64 1.5.0 5.00 75.67 80.67 OK
r-release-macos-arm64 1.5.0 NOTE
r-release-macos-x86_64 1.5.0 NOTE
r-release-windows-ix86+x86_64 1.5.0 10.00 108.00 118.00 OK
r-oldrel-macos-x86_64 1.5.0 NOTE
r-oldrel-windows-ix86+x86_64 1.5.0 13.00 93.00 106.00 OK

Check Details

Version: 1.5.0
Check: dependencies in R code
Result: NOTE
    Namespace in Imports field not imported from: ‘psych’
     All declared Imports should be used.
Flavors: r-devel-linux-x86_64-fedora-clang, r-devel-linux-x86_64-fedora-gcc, r-devel-windows-x86_64-gcc10-UCRT, r-patched-solaris-x86, r-release-macos-arm64, r-release-macos-x86_64, r-oldrel-macos-x86_64

Version: 1.5.0
Check: Rd cross-references
Result: NOTE
    Undeclared package ‘PredictABEL’ in Rd xrefs
Flavor: r-devel-linux-x86_64-fedora-clang