Last updated on 2023-01-28 23:51:47 CET.
Flavor | Version | Tinstall | Tcheck | Ttotal | Status | Flags |
---|---|---|---|---|---|---|
r-devel-linux-x86_64-debian-clang | 1.0 | 53.22 | 37.31 | 90.53 | NOTE | |
r-devel-linux-x86_64-debian-gcc | 1.0 | 36.84 | 29.41 | 66.25 | NOTE | |
r-devel-linux-x86_64-fedora-clang | 1.0 | 126.48 | NOTE | |||
r-devel-linux-x86_64-fedora-gcc | 1.0 | 103.23 | NOTE | |||
r-patched-linux-x86_64 | 1.0 | 35.61 | 37.14 | 72.75 | NOTE | |
r-release-linux-x86_64 | 1.0 | 33.47 | 37.79 | 71.26 | NOTE | |
r-release-macos-arm64 | 1.0 | 34.00 | NOTE | |||
r-release-macos-x86_64 | 1.0 | 44.00 | NOTE | |||
r-release-windows-x86_64 | 1.0 | 49.00 | 95.00 | 144.00 | NOTE | |
r-oldrel-macos-arm64 | 1.0 | 42.00 | NOTE | |||
r-oldrel-macos-x86_64 | 1.0 | 62.00 | NOTE | |||
r-oldrel-windows-ix86+x86_64 | 1.0 | 110.00 | 98.00 | 208.00 | NOTE |
Version: 1.0
Check: LazyData
Result: NOTE
'LazyData' is specified without a 'data' directory
Flavors: r-devel-linux-x86_64-debian-clang, r-devel-linux-x86_64-debian-gcc, r-devel-linux-x86_64-fedora-clang, r-devel-linux-x86_64-fedora-gcc, r-patched-linux-x86_64, r-release-linux-x86_64, r-release-macos-arm64, r-release-macos-x86_64, r-release-windows-x86_64, r-oldrel-macos-arm64, r-oldrel-macos-x86_64, r-oldrel-windows-ix86+x86_64