CRAN Package Check Results for Package quantmod

Last updated on 2021-09-15 23:49:54 CEST.

Flavor Version Tinstall Tcheck Ttotal Status Flags
r-devel-linux-x86_64-debian-clang 0.4.18 17.13 91.48 108.61 NOTE
r-devel-linux-x86_64-debian-gcc 0.4.18 11.70 67.80 79.50 NOTE
r-devel-linux-x86_64-fedora-clang 0.4.18 138.20 OK
r-devel-linux-x86_64-fedora-gcc 0.4.18 126.10 OK
r-devel-windows-x86_64 0.4.18 19.00 108.00 127.00 OK
r-devel-windows-x86_64-gcc10-UCRT 0.4.18 OK
r-patched-linux-x86_64 0.4.18 16.95 86.89 103.84 NOTE
r-patched-solaris-x86 0.4.18 151.30 OK
r-release-linux-x86_64 0.4.18 15.61 88.01 103.62 NOTE
r-release-macos-arm64 0.4.18 OK
r-release-macos-x86_64 0.4.18 OK
r-release-windows-ix86+x86_64 0.4.18 29.00 77.00 106.00 OK
r-oldrel-macos-x86_64 0.4.18 OK
r-oldrel-windows-ix86+x86_64 0.4.18 22.00 99.00 121.00 OK

Check Details

Version: 0.4.18
Check: R code for possible problems
Result: NOTE
    Found the following calls to attach():
    File 'quantmod/R/attachSymbols.R':
     attach(NULL, pos = pos, name = DB$name)
     attach(NULL, pos = pos, name = DB$name)
    See section 'Good practice' in '?attach'.
Flavors: r-devel-linux-x86_64-debian-clang, r-devel-linux-x86_64-debian-gcc, r-patched-linux-x86_64, r-release-linux-x86_64