CRAN Package Check Results for Package quad

Last updated on 2022-01-20 23:52:24 CET.

Flavor Version Tinstall Tcheck Ttotal Status Flags
r-devel-linux-x86_64-debian-clang 1.0 NOTE
r-devel-linux-x86_64-debian-gcc 1.0 1.60 24.07 25.67 NOTE
r-devel-linux-x86_64-fedora-clang 1.0 41.90 NOTE
r-devel-linux-x86_64-fedora-gcc 1.0 30.54 NOTE
r-devel-windows-x86_64-new-UL 1.0 15.00 48.00 63.00 NOTE
r-devel-windows-x86_64-new-TK 1.0 NOTE
r-patched-linux-x86_64 1.0 2.05 29.60 31.65 NOTE
r-release-linux-x86_64 1.0 2.04 29.10 31.14 NOTE
r-release-macos-arm64 1.0 NOTE
r-release-macos-x86_64 1.0 NOTE
r-release-windows-ix86+x86_64 1.0 5.00 29.00 34.00 NOTE
r-oldrel-macos-x86_64 1.0 NOTE
r-oldrel-windows-ix86+x86_64 1.0 4.00 39.00 43.00 NOTE

Check Details

Version: 1.0
Check: R code for possible problems
Result: NOTE
    quadp: no visible global function definition for 'var'
    Undefined global functions or variables:
     var
    Consider adding
     importFrom("stats", "var")
    to your NAMESPACE file.
Flavors: r-devel-linux-x86_64-debian-clang, r-devel-linux-x86_64-debian-gcc, r-devel-linux-x86_64-fedora-clang, r-devel-linux-x86_64-fedora-gcc, r-devel-windows-x86_64-new-UL, r-devel-windows-x86_64-new-TK, r-patched-linux-x86_64, r-release-linux-x86_64, r-release-macos-arm64, r-release-macos-x86_64, r-release-windows-ix86+x86_64, r-oldrel-macos-x86_64, r-oldrel-windows-ix86+x86_64