Last updated on 2023-01-30 00:31:21 CET.
Flavor | Version | Tinstall | Tcheck | Ttotal | Status | Flags |
---|---|---|---|---|---|---|
r-devel-linux-x86_64-debian-clang | 1.0.0 | 47.92 | 51.55 | 99.47 | OK | |
r-devel-linux-x86_64-debian-gcc | 1.0.0 | 39.72 | 40.56 | 80.28 | NOTE | |
r-devel-linux-x86_64-fedora-clang | 1.0.0 | 143.73 | NOTE | |||
r-devel-linux-x86_64-fedora-gcc | 1.0.0 | 139.83 | NOTE | |||
r-devel-windows-x86_64 | 1.0.0 | 53.00 | 98.00 | 151.00 | NOTE | |
r-patched-linux-x86_64 | 1.0.0 | 39.61 | 53.37 | 92.98 | OK | |
r-release-linux-x86_64 | 1.0.0 | 39.76 | 53.20 | 92.96 | OK | |
r-release-macos-arm64 | 1.0.0 | 35.00 | OK | |||
r-release-macos-x86_64 | 1.0.0 | 51.00 | OK | |||
r-release-windows-x86_64 | 1.0.0 | 49.00 | 97.00 | 146.00 | OK | |
r-oldrel-macos-arm64 | 1.0.0 | 34.00 | OK | |||
r-oldrel-macos-x86_64 | 1.0.0 | 49.00 | OK | |||
r-oldrel-windows-ix86+x86_64 | 1.0.0 | 120.00 | 114.00 | 234.00 | OK |
Version: 1.0.0
Check: C++ specification
Result: NOTE
Specified C++14: please update to current default of C++17
Flavors: r-devel-linux-x86_64-debian-gcc, r-devel-linux-x86_64-fedora-clang, r-devel-linux-x86_64-fedora-gcc, r-devel-windows-x86_64