Last updated on 2025-01-16 00:49:40 CET.
Flavor | Version | Tinstall | Tcheck | Ttotal | Status | Flags |
---|---|---|---|---|---|---|
r-devel-linux-x86_64-debian-clang | 1.1.6 | 84.79 | 106.15 | 190.94 | OK | |
r-devel-linux-x86_64-debian-gcc | 1.1.6 | 58.02 | 73.27 | 131.29 | OK | |
r-devel-linux-x86_64-fedora-clang | 1.1.6 | 337.36 | OK | |||
r-devel-linux-x86_64-fedora-gcc | 1.1.6 | 340.75 | OK | |||
r-devel-windows-x86_64 | 1.1.6 | 82.00 | 143.00 | 225.00 | OK | |
r-patched-linux-x86_64 | 1.1.6 | 90.03 | 99.83 | 189.86 | OK | |
r-release-linux-x86_64 | 1.1.6 | 84.55 | 99.35 | 183.90 | OK | |
r-release-macos-arm64 | 1.1.6 | 74.00 | NOTE | |||
r-release-macos-x86_64 | 1.1.6 | 134.00 | NOTE | |||
r-release-windows-x86_64 | 1.1.6 | 85.00 | 137.00 | 222.00 | OK | |
r-oldrel-macos-arm64 | 1.1.6 | 71.00 | NOTE | |||
r-oldrel-macos-x86_64 | 1.1.6 | 165.00 | NOTE | |||
r-oldrel-windows-x86_64 | 1.1.6 | 87.00 | 172.00 | 259.00 | OK |
Version: 1.1.6
Check: installed package size
Result: NOTE
installed size is 5.8Mb
sub-directories of 1Mb or more:
libs 4.8Mb
Flavors: r-release-macos-arm64, r-release-macos-x86_64, r-oldrel-macos-arm64, r-oldrel-macos-x86_64