CRAN Package Check Results for Package qdapTools

Last updated on 2021-05-16 23:47:08 CEST.

Flavor Version Tinstall Tcheck Ttotal Status Flags
r-devel-linux-x86_64-debian-clang 1.3.5 5.09 48.23 53.32 NOTE
r-devel-linux-x86_64-debian-gcc 1.3.5 3.08 35.72 38.80 NOTE
r-devel-linux-x86_64-fedora-clang 1.3.5 69.94 NOTE
r-devel-linux-x86_64-fedora-gcc 1.3.5 59.98 NOTE
r-devel-windows-ix86+x86_64 1.3.5 9.00 48.00 57.00 NOTE
r-devel-windows-x86_64-gcc10-UCRT 1.3.5 NOTE
r-patched-linux-x86_64 1.3.5 4.39 45.55 49.94 NOTE
r-patched-solaris-x86 1.3.5 91.80 NOTE
r-release-linux-x86_64 1.3.5 4.55 44.02 48.57 OK
r-release-macos-x86_64 1.3.5 OK
r-release-windows-ix86+x86_64 1.3.5 7.00 49.00 56.00 OK
r-oldrel-macos-x86_64 1.3.5 OK
r-oldrel-windows-ix86+x86_64 1.3.5 7.00 58.00 65.00 OK

Check Details

Version: 1.3.5
Check: LazyData
Result: NOTE
     'LazyData' is specified without a 'data' directory
Flavors: r-devel-linux-x86_64-debian-clang, r-devel-linux-x86_64-debian-gcc, r-devel-linux-x86_64-fedora-clang, r-devel-linux-x86_64-fedora-gcc, r-devel-windows-ix86+x86_64, r-devel-windows-x86_64-gcc10-UCRT, r-patched-linux-x86_64, r-patched-solaris-x86