CRAN Package Check Results for Package qdapDictionaries

Last updated on 2021-05-15 23:49:24 CEST.

Flavor Version Tinstall Tcheck Ttotal Status Flags
r-devel-linux-x86_64-debian-clang 1.0.7 3.42 25.68 29.10 OK
r-devel-linux-x86_64-debian-gcc 1.0.7 3.15 20.50 23.65 OK
r-devel-linux-x86_64-fedora-clang 1.0.7 46.23 NOTE
r-devel-linux-x86_64-fedora-gcc 1.0.7 35.09 OK
r-devel-windows-ix86+x86_64 1.0.7 8.00 34.00 42.00 OK
r-devel-windows-x86_64-gcc10-UCRT 1.0.7 OK
r-patched-linux-x86_64 1.0.7 4.31 25.36 29.67 OK
r-patched-solaris-x86 1.0.7 54.80 OK
r-release-linux-x86_64 1.0.7 3.77 25.25 29.02 OK
r-release-macos-x86_64 1.0.7 OK
r-release-windows-ix86+x86_64 1.0.7 8.00 32.00 40.00 OK
r-oldrel-macos-x86_64 1.0.7 OK
r-oldrel-windows-ix86+x86_64 1.0.7 7.00 49.00 56.00 OK

Check Details

Version: 1.0.7
Check: Rd cross-references
Result: NOTE
    Undeclared package ‘qdap’ in Rd xrefs
Flavor: r-devel-linux-x86_64-fedora-clang