CRAN Package Check Results for Package qdapDictionaries

Last updated on 2024-07-15 00:49:54 CEST.

Flavor Version Tinstall Tcheck Ttotal Status Flags
r-devel-linux-x86_64-debian-clang 1.0.7 3.53 27.53 31.06 OK
r-devel-linux-x86_64-debian-gcc 1.0.7 3.27 21.09 24.36 OK
r-devel-linux-x86_64-fedora-clang 1.0.7 40.92 NOTE
r-devel-linux-x86_64-fedora-gcc 1.0.7 37.25 OK
r-devel-windows-x86_64 1.0.7 5.00 48.00 53.00 OK
r-patched-linux-x86_64 1.0.7 3.63 26.56 30.19 OK
r-release-linux-x86_64 1.0.7 3.20 25.48 28.68 OK
r-release-macos-arm64 1.0.7 18.00 OK
r-release-macos-x86_64 1.0.7 25.00 OK
r-release-windows-x86_64 1.0.7 4.00 47.00 51.00 OK
r-oldrel-macos-arm64 1.0.7 18.00 OK
r-oldrel-macos-x86_64 1.0.7 22.00 OK
r-oldrel-windows-x86_64 1.0.7 6.00 46.00 52.00 OK

Check Details

Version: 1.0.7
Check: Rd cross-references
Result: NOTE Undeclared package ‘qdap’ in Rd xrefs Flavor: r-devel-linux-x86_64-fedora-clang