CRAN Package Check Results for Package qdapDictionaries

Last updated on 2021-12-02 23:51:18 CET.

Flavor Version Tinstall Tcheck Ttotal Status Flags
r-devel-linux-x86_64-debian-clang 1.0.7 3.83 25.05 28.88 OK
r-devel-linux-x86_64-debian-gcc 1.0.7 3.39 19.87 23.26 OK
r-devel-linux-x86_64-fedora-clang 1.0.7 45.82 NOTE
r-devel-linux-x86_64-fedora-gcc 1.0.7 36.10 OK
r-devel-windows-x86_64-new-UL 1.0.7 17.00 62.00 79.00 OK
r-devel-windows-x86_64-new-TK 1.0.7 OK
r-devel-windows-x86_64-old 1.0.7 7.00 32.00 39.00 OK
r-patched-linux-x86_64 1.0.7 4.13 24.30 28.43 OK
r-patched-solaris-x86 1.0.7 56.40 OK
r-release-linux-x86_64 1.0.7 3.45 23.87 27.32 OK
r-release-macos-arm64 1.0.7 OK
r-release-macos-x86_64 1.0.7 OK
r-release-windows-ix86+x86_64 1.0.7 8.00 35.00 43.00 OK
r-oldrel-macos-x86_64 1.0.7 OK
r-oldrel-windows-ix86+x86_64 1.0.7 8.00 32.00 40.00 OK

Check Details

Version: 1.0.7
Check: Rd cross-references
Result: NOTE
    Undeclared package ‘qdap’ in Rd xrefs
Flavor: r-devel-linux-x86_64-fedora-clang