CRAN Package Check Results for Package qdap

Last updated on 2024-06-13 00:55:27 CEST.

Flavor Version Tinstall Tcheck Ttotal Status Flags
r-devel-linux-x86_64-debian-clang 2.4.6 50.39 295.27 345.66 NOTE
r-devel-linux-x86_64-debian-gcc 2.4.6 0.75 1.61 2.36 ERROR
r-devel-linux-x86_64-fedora-clang 2.4.6 416.43 NOTE
r-devel-linux-x86_64-fedora-gcc 2.4.6 415.43 NOTE
r-devel-windows-x86_64 2.4.6 40.00 272.00 312.00 NOTE
r-patched-linux-x86_64 2.4.6 48.58 275.74 324.32 NOTE
r-release-linux-x86_64 2.4.6 34.32 282.45 316.77 NOTE
r-release-macos-arm64 2.4.6 102.00 NOTE
r-release-macos-x86_64 2.4.6 160.00 NOTE
r-release-windows-x86_64 2.4.6 44.00 273.00 317.00 NOTE
r-oldrel-macos-arm64 2.4.6 96.00 OK
r-oldrel-macos-x86_64 2.4.6 224.00 OK
r-oldrel-windows-x86_64 2.4.6 52.00 332.00 384.00 OK

Check Details

Version: 2.4.6
Check: Rd files
Result: NOTE checkRd: (-1) check_text.Rd:19: Lost braces in \itemize; \value handles \item{}{} directly checkRd: (-1) check_text.Rd:20: Lost braces in \itemize; \value handles \item{}{} directly checkRd: (-1) check_text.Rd:21: Lost braces in \itemize; \value handles \item{}{} directly checkRd: (-1) check_text.Rd:22: Lost braces in \itemize; \value handles \item{}{} directly checkRd: (-1) check_text.Rd:23: Lost braces in \itemize; \value handles \item{}{} directly checkRd: (-1) check_text.Rd:24: Lost braces in \itemize; \value handles \item{}{} directly checkRd: (-1) check_text.Rd:25: Lost braces in \itemize; \value handles \item{}{} directly checkRd: (-1) check_text.Rd:26: Lost braces in \itemize; \value handles \item{}{} directly checkRd: (-1) check_text.Rd:27: Lost braces in \itemize; \value handles \item{}{} directly checkRd: (-1) check_text.Rd:28: Lost braces in \itemize; \value handles \item{}{} directly checkRd: (-1) check_text.Rd:29: Lost braces in \itemize; \value handles \item{}{} directly checkRd: (-1) check_text.Rd:30: Lost braces in \itemize; \value handles \item{}{} directly checkRd: (-1) new_project.Rd:30-34: Lost braces in \itemize; meant \describe ? checkRd: (-1) new_project.Rd:32: Lost braces in \itemize; meant \describe ? checkRd: (-1) new_project.Rd:35-39: Lost braces in \itemize; meant \describe ? checkRd: (-1) new_project.Rd:37: Lost braces in \itemize; meant \describe ? checkRd: (-1) new_project.Rd:40: Lost braces in \itemize; meant \describe ? checkRd: (-1) new_project.Rd:42: Lost braces in \itemize; meant \describe ? checkRd: (-1) new_project.Rd:43: Lost braces in \itemize; meant \describe ? checkRd: (-1) new_project.Rd:44: Lost braces in \itemize; meant \describe ? checkRd: (-1) new_project.Rd:45-54: Lost braces in \itemize; meant \describe ? checkRd: (-1) new_project.Rd:47: Lost braces in \itemize; meant \describe ? checkRd: (-1) new_project.Rd:48: Lost braces in \itemize; meant \describe ? checkRd: (-1) new_project.Rd:49: Lost braces in \itemize; meant \describe ? checkRd: (-1) new_project.Rd:50: Lost braces in \itemize; meant \describe ? checkRd: (-1) new_project.Rd:51: Lost braces in \itemize; meant \describe ? checkRd: (-1) new_project.Rd:52: Lost braces in \itemize; meant \describe ? checkRd: (-1) new_project.Rd:55-60: Lost braces in \itemize; meant \describe ? checkRd: (-1) new_project.Rd:57: Lost braces in \itemize; meant \describe ? checkRd: (-1) new_project.Rd:58: Lost braces in \itemize; meant \describe ? checkRd: (-1) new_project.Rd:62: Lost braces in \itemize; meant \describe ? checkRd: (-1) new_project.Rd:63: Lost braces in \itemize; meant \describe ? checkRd: (-1) new_project.Rd:64: Lost braces in \itemize; meant \describe ? checkRd: (-1) new_project.Rd:65-71: Lost braces in \itemize; meant \describe ? checkRd: (-1) new_project.Rd:67: Lost braces in \itemize; meant \describe ? checkRd: (-1) new_project.Rd:68: Lost braces in \itemize; meant \describe ? checkRd: (-1) new_project.Rd:69: Lost braces in \itemize; meant \describe ? checkRd: (-1) new_project.Rd:72: Lost braces in \itemize; meant \describe ? checkRd: (-1) new_project.Rd:73: Lost braces in \itemize; meant \describe ? checkRd: (-1) new_project.Rd:74-79: Lost braces in \itemize; meant \describe ? checkRd: (-1) new_project.Rd:76: Lost braces in \itemize; meant \describe ? checkRd: (-1) new_project.Rd:77: Lost braces in \itemize; meant \describe ? checkRd: (-1) new_project.Rd:80: Lost braces in \itemize; meant \describe ? checkRd: (-1) new_project.Rd:81: Lost braces in \itemize; meant \describe ? checkRd: (-1) new_project.Rd:82: Lost braces in \itemize; meant \describe ? checkRd: (-1) new_project.Rd:83: Lost braces in \itemize; meant \describe ? checkRd: (-1) plot.lexical.Rd:24: Lost braces 24 | \item{random.order}{logical. If code{TRUE} plot words in random order. If \code{FALSE}, they will be plotted in decreasing frequency.} | ^ checkRd: (-1) trans_venn.Rd:81: Lost braces 81 | \{code{\link[qdap]{Dissimilarity}} measures labeling the edges between nodes | ^ checkRd: (-1) word_stats.Rd:54: Lost braces in \itemize; \value handles \item{}{} directly checkRd: (-1) word_stats.Rd:55: Lost braces in \itemize; \value handles \item{}{} directly checkRd: (-1) word_stats.Rd:56: Lost braces in \itemize; \value handles \item{}{} directly checkRd: (-1) word_stats.Rd:57: Lost braces in \itemize; \value handles \item{}{} directly checkRd: (-1) word_stats.Rd:58: Lost braces in \itemize; \value handles \item{}{} directly checkRd: (-1) word_stats.Rd:59: Lost braces in \itemize; \value handles \item{}{} directly checkRd: (-1) word_stats.Rd:60: Lost braces in \itemize; \value handles \item{}{} directly checkRd: (-1) word_stats.Rd:61: Lost braces in \itemize; \value handles \item{}{} directly checkRd: (-1) word_stats.Rd:62: Lost braces in \itemize; \value handles \item{}{} directly checkRd: (-1) word_stats.Rd:63: Lost braces in \itemize; \value handles \item{}{} directly checkRd: (-1) word_stats.Rd:64: Lost braces in \itemize; \value handles \item{}{} directly checkRd: (-1) word_stats.Rd:65: Lost braces in \itemize; \value handles \item{}{} directly checkRd: (-1) word_stats.Rd:66: Lost braces in \itemize; \value handles \item{}{} directly checkRd: (-1) word_stats.Rd:67: Lost braces in \itemize; \value handles \item{}{} directly checkRd: (-1) word_stats.Rd:68: Lost braces in \itemize; \value handles \item{}{} directly checkRd: (-1) word_stats.Rd:69: Lost braces in \itemize; \value handles \item{}{} directly checkRd: (-1) word_stats.Rd:70: Lost braces in \itemize; \value handles \item{}{} directly checkRd: (-1) word_stats.Rd:71: Lost braces in \itemize; \value handles \item{}{} directly checkRd: (-1) word_stats.Rd:72: Lost braces in \itemize; \value handles \item{}{} directly checkRd: (-1) word_stats.Rd:73: Lost braces in \itemize; \value handles \item{}{} directly checkRd: (-1) word_stats.Rd:74: Lost braces in \itemize; \value handles \item{}{} directly checkRd: (-1) word_stats.Rd:75: Lost braces in \itemize; \value handles \item{}{} directly checkRd: (-1) word_stats.Rd:76: Lost braces in \itemize; \value handles \item{}{} directly checkRd: (-1) word_stats.Rd:77: Lost braces in \itemize; \value handles \item{}{} directly checkRd: (-1) word_stats.Rd:78: Lost braces in \itemize; \value handles \item{}{} directly checkRd: (-1) word_stats.Rd:79: Lost braces in \itemize; \value handles \item{}{} directly Flavors: r-devel-linux-x86_64-debian-clang, r-devel-linux-x86_64-fedora-clang, r-devel-linux-x86_64-fedora-gcc, r-devel-windows-x86_64, r-patched-linux-x86_64, r-release-linux-x86_64, r-release-macos-arm64, r-release-macos-x86_64, r-release-windows-x86_64

Version: 2.4.6
Check: package dependencies
Result: ERROR Packages required but not available: 'dplyr', 'gender', 'ggplot2', 'igraph', 'reshape2', 'tidyr' Package suggested but not available for checking: ‘testthat’ See section ‘The DESCRIPTION file’ in the ‘Writing R Extensions’ manual. Flavor: r-devel-linux-x86_64-debian-gcc

Version: 2.4.6
Check: Rd cross-references
Result: NOTE Undeclared package ‘gplots’ in Rd xrefs Flavor: r-devel-linux-x86_64-fedora-clang