Last updated on 2022-06-29 23:53:27 CEST.
Flavor | Version | Tinstall | Tcheck | Ttotal | Status | Flags |
---|---|---|---|---|---|---|
r-devel-linux-x86_64-debian-clang | 0.1.8 | 16.93 | 37.22 | 54.15 | NOTE | |
r-devel-linux-x86_64-debian-gcc | 0.1.8 | 13.13 | 28.44 | 41.57 | NOTE | |
r-devel-linux-x86_64-fedora-clang | 0.1.8 | 86.54 | NOTE | |||
r-devel-linux-x86_64-fedora-gcc | 0.1.8 | 80.08 | NOTE | |||
r-devel-windows-x86_64 | 0.1.8 | 23.00 | 80.00 | 103.00 | NOTE | |
r-patched-linux-x86_64 | 0.1.8 | 14.96 | 36.43 | 51.39 | NOTE | |
r-release-linux-x86_64 | 0.1.8 | 15.47 | 36.62 | 52.09 | NOTE | |
r-release-macos-arm64 | 0.1.8 | 25.00 | NOTE | |||
r-release-macos-x86_64 | 0.1.8 | 33.00 | NOTE | |||
r-release-windows-x86_64 | 0.1.8 | 29.00 | 76.00 | 105.00 | NOTE | |
r-oldrel-macos-arm64 | 0.1.8 | 28.00 | NOTE | |||
r-oldrel-macos-x86_64 | 0.1.8 | 40.00 | NOTE | |||
r-oldrel-windows-ix86+x86_64 | 0.1.8 | 46.00 | 87.00 | 133.00 | NOTE |
Version: 0.1.8
Check: LazyData
Result: NOTE
'LazyData' is specified without a 'data' directory
Flavors: r-devel-linux-x86_64-debian-clang, r-devel-linux-x86_64-debian-gcc, r-devel-linux-x86_64-fedora-clang, r-devel-linux-x86_64-fedora-gcc, r-devel-windows-x86_64, r-patched-linux-x86_64, r-release-linux-x86_64, r-release-macos-arm64, r-release-macos-x86_64, r-release-windows-x86_64, r-oldrel-macos-arm64, r-oldrel-macos-x86_64, r-oldrel-windows-ix86+x86_64