CRAN Package Check Results for Package pysd2r

Last updated on 2024-05-19 00:52:26 CEST.

Flavor Version Tinstall Tcheck Ttotal Status Flags
r-devel-linux-x86_64-debian-clang 0.1.0 5.32 30.85 36.17 NOTE
r-devel-linux-x86_64-debian-gcc 0.1.0 3.66 23.38 27.04 NOTE
r-devel-linux-x86_64-fedora-clang 0.1.0 47.21 NOTE
r-devel-linux-x86_64-fedora-gcc 0.1.0 65.79 NOTE
r-devel-windows-x86_64 0.1.0 5.00 46.00 51.00 NOTE
r-patched-linux-x86_64 0.1.0 4.07 29.61 33.68 NOTE
r-release-linux-x86_64 0.1.0 5.07 28.49 33.56 NOTE
r-release-macos-arm64 0.1.0 25.00 NOTE
r-release-windows-x86_64 0.1.0 5.00 49.00 54.00 NOTE
r-oldrel-macos-arm64 0.1.0 24.00 NOTE
r-oldrel-macos-x86_64 0.1.0 36.00 NOTE
r-oldrel-windows-x86_64 0.1.0 7.00 50.00 57.00 NOTE

Check Details

Version: 0.1.0
Check: LazyData
Result: NOTE 'LazyData' is specified without a 'data' directory Flavors: r-devel-linux-x86_64-debian-clang, r-devel-linux-x86_64-debian-gcc, r-devel-linux-x86_64-fedora-clang, r-devel-linux-x86_64-fedora-gcc, r-devel-windows-x86_64, r-patched-linux-x86_64, r-release-linux-x86_64, r-release-macos-arm64, r-release-windows-x86_64, r-oldrel-macos-arm64, r-oldrel-macos-x86_64, r-oldrel-windows-x86_64

Version: 0.1.0
Check: dependencies in R code
Result: NOTE Namespace in Imports field not imported from: ‘knitr’ All declared Imports should be used. Flavors: r-devel-linux-x86_64-fedora-clang, r-devel-linux-x86_64-fedora-gcc