CRAN Package Check Results for Package pxR

Last updated on 2021-12-04 23:50:41 CET.

Flavor Version Tinstall Tcheck Ttotal Status Flags
r-devel-linux-x86_64-debian-clang 0.42.4 3.60 39.49 43.09 NOTE
r-devel-linux-x86_64-debian-gcc 0.42.4 2.75 31.15 33.90 NOTE
r-devel-linux-x86_64-fedora-clang 0.42.4 52.17 NOTE
r-devel-linux-x86_64-fedora-gcc 0.42.4 41.82 NOTE
r-devel-windows-x86_64-new-UL 0.42.4 8.00 67.00 75.00 NOTE
r-devel-windows-x86_64-new-TK 0.42.4 NOTE
r-devel-windows-x86_64-old 0.42.4 7.00 39.00 46.00 NOTE
r-patched-linux-x86_64 0.42.4 3.88 29.90 33.78 NOTE
r-release-linux-x86_64 0.42.4 2.88 29.55 32.43 NOTE
r-release-macos-arm64 0.42.4 NOTE
r-release-macos-x86_64 0.42.4 NOTE
r-release-windows-ix86+x86_64 0.42.4 8.00 49.00 57.00 NOTE
r-oldrel-macos-x86_64 0.42.4 OK
r-oldrel-windows-ix86+x86_64 0.42.4 8.00 54.00 62.00 OK

Check Details

Version: 0.42.4
Check: LazyData
Result: NOTE
     'LazyData' is specified without a 'data' directory
Flavors: r-devel-linux-x86_64-debian-clang, r-devel-linux-x86_64-debian-gcc, r-devel-linux-x86_64-fedora-clang, r-devel-linux-x86_64-fedora-gcc, r-devel-windows-x86_64-new-UL, r-devel-windows-x86_64-new-TK, r-devel-windows-x86_64-old, r-patched-linux-x86_64, r-release-linux-x86_64, r-release-macos-arm64, r-release-macos-x86_64, r-release-windows-ix86+x86_64